Last updated on 2023-01-28 08:00:45 CET.
Flavor | Version | Tinstall | Tcheck | Ttotal | Status | Flags |
---|---|---|---|---|---|---|
r-devel-linux-x86_64-debian-clang | 0.1-13 | 117.19 | 128.64 | 245.83 | OK | |
r-devel-linux-x86_64-debian-gcc | 0.1-13 | 94.80 | 96.00 | 190.80 | NOTE | |
r-devel-linux-x86_64-fedora-clang | 0.1-13 | 352.34 | NOTE | |||
r-devel-linux-x86_64-fedora-gcc | 0.1-13 | 334.17 | NOTE | |||
r-patched-linux-x86_64 | 0.1-13 | 104.27 | 121.29 | 225.56 | OK | |
r-release-linux-x86_64 | 0.1-13 | 104.57 | 121.80 | 226.37 | OK | |
r-release-macos-arm64 | 0.1-13 | 75.00 | OK | |||
r-release-macos-x86_64 | 0.1-13 | 100.00 | OK | |||
r-release-windows-x86_64 | 0.1-13 | 105.00 | 165.00 | 270.00 | OK | |
r-oldrel-macos-arm64 | 0.1-13 | 68.00 | OK | |||
r-oldrel-macos-x86_64 | 0.1-13 | 97.00 | OK | |||
r-oldrel-windows-ix86+x86_64 | 0.1-13 | 291.00 | 206.00 | 497.00 | OK |
Version: 0.1-13
Check: C++ specification
Result: NOTE
Specified C++11: please update to current default of C++17
Flavors: r-devel-linux-x86_64-debian-gcc, r-devel-linux-x86_64-fedora-clang, r-devel-linux-x86_64-fedora-gcc