Last updated on 2023-06-01 07:57:11 CEST.
Flavor | Version | Tinstall | Tcheck | Ttotal | Status | Flags |
---|---|---|---|---|---|---|
r-devel-linux-x86_64-debian-clang | 0.9.22 | 4.07 | 172.53 | 176.60 | OK | |
r-devel-linux-x86_64-debian-gcc | 0.9.22 | 4.07 | 129.10 | 133.17 | OK | |
r-devel-linux-x86_64-fedora-clang | 0.9.22 | 229.15 | NOTE | |||
r-devel-linux-x86_64-fedora-gcc | 0.9.22 | 224.58 | NOTE | |||
r-devel-windows-x86_64 | 0.9.22 | 6.00 | 166.00 | 172.00 | OK | |
r-patched-linux-x86_64 | 0.9.22 | OK | ||||
r-release-linux-x86_64 | 0.9.22 | 4.97 | 170.76 | 175.73 | OK | |
r-release-macos-arm64 | 0.9.22 | 80.00 | OK | |||
r-release-macos-x86_64 | 0.9.22 | 115.00 | OK | |||
r-release-windows-x86_64 | 0.9.22 | 6.00 | 196.00 | 202.00 | OK | |
r-oldrel-macos-arm64 | 0.9.22 | 61.00 | NOTE | |||
r-oldrel-macos-x86_64 | 0.9.22 | 96.00 | NOTE | |||
r-oldrel-windows-x86_64 | 0.9.22 | 7.00 | 190.00 | 197.00 | OK |
Version: 0.9.22
Check: dependencies in R code
Result: NOTE
Namespace in Imports field not imported from: ‘methods’
All declared Imports should be used.
Flavors: r-devel-linux-x86_64-fedora-clang, r-devel-linux-x86_64-fedora-gcc, r-oldrel-macos-arm64, r-oldrel-macos-x86_64