Last updated on 2023-02-05 07:57:34 CET.
Flavor | Version | Tinstall | Tcheck | Ttotal | Status | Flags |
---|---|---|---|---|---|---|
r-devel-linux-x86_64-debian-clang | 0.1.2 | 4.10 | 57.17 | 61.27 | NOTE | |
r-devel-linux-x86_64-debian-gcc | 0.1.2 | 3.15 | 42.10 | 45.25 | NOTE | |
r-devel-linux-x86_64-fedora-clang | 0.1.2 | 75.34 | NOTE | |||
r-devel-linux-x86_64-fedora-gcc | 0.1.2 | 83.43 | NOTE | |||
r-devel-windows-x86_64 | 0.1.2 | 33.00 | 88.00 | 121.00 | NOTE | |
r-patched-linux-x86_64 | 0.1.2 | 7.93 | 54.72 | 62.65 | NOTE | |
r-release-linux-x86_64 | 0.1.2 | 4.42 | 52.23 | 56.65 | NOTE | |
r-release-macos-arm64 | 0.1.2 | 24.00 | NOTE | |||
r-release-macos-x86_64 | 0.1.2 | 32.00 | NOTE | |||
r-release-windows-x86_64 | 0.1.2 | 32.00 | 97.00 | 129.00 | NOTE | |
r-oldrel-macos-arm64 | 0.1.2 | 28.00 | NOTE | |||
r-oldrel-macos-x86_64 | 0.1.2 | 44.00 | NOTE | |||
r-oldrel-windows-ix86+x86_64 | 0.1.2 | 9.00 | 83.00 | 92.00 | NOTE |
Version: 0.1.2
Check: LazyData
Result: NOTE
'LazyData' is specified without a 'data' directory
Flavors: r-devel-linux-x86_64-debian-clang, r-devel-linux-x86_64-debian-gcc, r-devel-linux-x86_64-fedora-clang, r-devel-linux-x86_64-fedora-gcc, r-devel-windows-x86_64, r-patched-linux-x86_64, r-release-linux-x86_64, r-release-macos-arm64, r-release-macos-x86_64, r-release-windows-x86_64, r-oldrel-macos-arm64, r-oldrel-macos-x86_64, r-oldrel-windows-ix86+x86_64