CRAN Package Check Results for Package rprime

Last updated on 2024-02-27 07:54:58 CET.

Flavor Version Tinstall Tcheck Ttotal Status Flags
r-devel-linux-x86_64-debian-clang 0.1.2 3.83 55.58 59.41 NOTE
r-devel-linux-x86_64-debian-gcc 0.1.2 2.33 42.62 44.95 NOTE
r-devel-linux-x86_64-fedora-clang 0.1.2 74.14 NOTE
r-devel-linux-x86_64-fedora-gcc 0.1.2 82.47 NOTE
r-devel-windows-x86_64 0.1.2 5.00 65.00 70.00 NOTE
r-patched-linux-x86_64 0.1.2 8.67 54.61 63.28 NOTE
r-release-linux-x86_64 0.1.2 4.49 54.18 58.67 NOTE
r-release-macos-arm64 0.1.2 34.00 NOTE
r-release-macos-x86_64 0.1.2 52.00 NOTE
r-release-windows-x86_64 0.1.2 6.00 68.00 74.00 NOTE
r-oldrel-macos-arm64 0.1.2 24.00 NOTE
r-oldrel-windows-x86_64 0.1.2 7.00 74.00 81.00 NOTE

Check Details

Version: 0.1.2
Check: LazyData
Result: NOTE 'LazyData' is specified without a 'data' directory Flavors: r-devel-linux-x86_64-debian-clang, r-devel-linux-x86_64-debian-gcc, r-devel-linux-x86_64-fedora-clang, r-devel-linux-x86_64-fedora-gcc, r-devel-windows-x86_64, r-patched-linux-x86_64, r-release-linux-x86_64, r-release-macos-arm64, r-release-macos-x86_64, r-release-windows-x86_64, r-oldrel-macos-arm64, r-oldrel-windows-x86_64