Last updated on 2023-02-07 07:54:13 CET.
Flavor | Version | Tinstall | Tcheck | Ttotal | Status | Flags |
---|---|---|---|---|---|---|
r-devel-linux-x86_64-debian-clang | 0.3.1 | 2.56 | 33.29 | 35.85 | OK | |
r-devel-linux-x86_64-debian-gcc | 0.3.1 | 2.40 | 26.48 | 28.88 | OK | |
r-devel-linux-x86_64-fedora-clang | 0.3.1 | 46.46 | NOTE | |||
r-devel-linux-x86_64-fedora-gcc | 0.3.1 | 44.48 | OK | |||
r-devel-windows-x86_64 | 0.3.1 | 11.00 | 64.00 | 75.00 | OK | |
r-patched-linux-x86_64 | 0.3.1 | 3.22 | 33.47 | 36.69 | OK | |
r-release-linux-x86_64 | 0.3.1 | 3.01 | 33.87 | 36.88 | OK | |
r-release-macos-arm64 | 0.3.1 | 20.00 | OK | |||
r-release-macos-x86_64 | 0.3.1 | 28.00 | OK | |||
r-release-windows-x86_64 | 0.3.1 | 16.00 | 69.00 | 85.00 | OK | |
r-oldrel-macos-arm64 | 0.3.1 | 27.00 | OK | |||
r-oldrel-macos-x86_64 | 0.3.1 | 32.00 | OK | |||
r-oldrel-windows-ix86+x86_64 | 0.3.1 | 8.00 | 59.00 | 67.00 | OK |
Version: 0.3.1
Check: Rd cross-references
Result: NOTE
Undeclared package ‘rsoi’ in Rd xrefs
Flavor: r-devel-linux-x86_64-fedora-clang