CRAN Package Check Results for Package rpart.LAD

Last updated on 2022-09-28 06:54:18 CEST.

Flavor Version Tinstall Tcheck Ttotal Status Flags
r-devel-linux-x86_64-debian-clang 0.1.2 24.71 30.10 54.81 NOTE
r-devel-linux-x86_64-debian-gcc 0.1.2 18.41 23.99 42.40 NOTE
r-devel-linux-x86_64-fedora-clang 0.1.2 92.37 NOTE
r-devel-linux-x86_64-fedora-gcc 0.1.2 79.59 NOTE
r-devel-windows-x86_64 0.1.2 31.00 77.00 108.00 NOTE
r-patched-linux-x86_64 0.1.2 18.06 29.01 47.07 NOTE
r-release-linux-x86_64 0.1.2 20.91 28.83 49.74 NOTE
r-release-macos-arm64 0.1.2 22.00 NOTE
r-release-macos-x86_64 0.1.2 32.00 NOTE
r-release-windows-x86_64 0.1.2 27.00 79.00 106.00 NOTE
r-oldrel-macos-arm64 0.1.2 25.00 NOTE
r-oldrel-macos-x86_64 0.1.2 45.00 NOTE
r-oldrel-windows-ix86+x86_64 0.1.2 64.00 117.00 181.00 NOTE

Check Details

Version: 0.1.2
Check: LazyData
Result: NOTE
     'LazyData' is specified without a 'data' directory
Flavors: r-devel-linux-x86_64-debian-clang, r-devel-linux-x86_64-debian-gcc, r-devel-linux-x86_64-fedora-clang, r-devel-linux-x86_64-fedora-gcc, r-devel-windows-x86_64, r-patched-linux-x86_64, r-release-linux-x86_64, r-release-macos-arm64, r-release-macos-x86_64, r-release-windows-x86_64, r-oldrel-macos-arm64, r-oldrel-macos-x86_64, r-oldrel-windows-ix86+x86_64