Last updated on 2023-02-08 07:54:41 CET.
Flavor | Version | Tinstall | Tcheck | Ttotal | Status | Flags |
---|---|---|---|---|---|---|
r-devel-linux-x86_64-debian-clang | 1.1-5.1 | 14.95 | 76.21 | 91.16 | NOTE | |
r-devel-linux-x86_64-debian-gcc | 1.1-5.2 | 10.88 | 56.95 | 67.83 | NOTE | |
r-devel-linux-x86_64-fedora-clang | 1.1-5.2 | 117.21 | NOTE | |||
r-devel-linux-x86_64-fedora-gcc | 1.1-5.2 | 114.24 | NOTE | |||
r-devel-windows-x86_64 | 1.1-5.1 | 32.00 | 107.00 | 139.00 | OK | |
r-patched-linux-x86_64 | 1.1-5.1 | 19.28 | 79.40 | 98.68 | NOTE | |
r-release-linux-x86_64 | 1.1-5.1 | 17.80 | 83.10 | 100.90 | NOTE | |
r-release-macos-arm64 | 1.1-5.2 | 45.00 | OK | |||
r-release-macos-x86_64 | 1.1-5.1 | 84.00 | OK | |||
r-release-windows-x86_64 | 1.1-5.1 | 43.00 | 117.00 | 160.00 | OK | |
r-oldrel-macos-arm64 | 1.1-5.2 | 45.00 | OK | |||
r-oldrel-macos-x86_64 | 1.1-5.1 | 79.00 | OK | |||
r-oldrel-windows-ix86+x86_64 | 1.1-5.1 | 21.00 | 91.00 | 112.00 | OK |
Version: 1.1-5.1
Check: package dependencies
Result: NOTE
Package suggested but not available for checking: ‘RandomFields’
Flavors: r-devel-linux-x86_64-debian-clang, r-patched-linux-x86_64, r-release-linux-x86_64
Version: 1.1-5.2
Check: package dependencies
Result: NOTE
Package suggested but not available for checking: ‘RandomFields’
Flavors: r-devel-linux-x86_64-debian-gcc, r-devel-linux-x86_64-fedora-clang, r-devel-linux-x86_64-fedora-gcc