Last updated on 2023-09-28 08:02:00 CEST.
Flavor | Version | Tinstall | Tcheck | Ttotal | Status | Flags |
---|---|---|---|---|---|---|
r-devel-linux-x86_64-debian-clang | 0.3.12 | 16.18 | 121.74 | 137.92 | OK | |
r-devel-linux-x86_64-debian-gcc | 0.3.12 | 12.05 | 89.05 | 101.10 | OK | |
r-devel-linux-x86_64-fedora-clang | 0.3.12 | 172.44 | OK | |||
r-devel-linux-x86_64-fedora-gcc | 0.3.12 | 175.48 | OK | |||
r-devel-windows-x86_64 | 0.3.12 | 16.00 | 111.00 | 127.00 | OK | |
r-patched-linux-x86_64 | 0.3.12 | 25.16 | 113.65 | 138.81 | OK | |
r-release-linux-x86_64 | 0.3.12 | 10.97 | 113.07 | 124.04 | OK | |
r-release-macos-arm64 | 0.3.12 | 48.00 | OK | |||
r-release-macos-x86_64 | 0.3.12 | 73.00 | NOTE | |||
r-release-windows-x86_64 | 0.3.12 | 21.00 | 131.00 | 152.00 | OK | |
r-oldrel-macos-arm64 | 0.3.12 | 33.00 | OK | |||
r-oldrel-macos-x86_64 | 0.3.12 | 63.00 | OK | |||
r-oldrel-windows-x86_64 | 0.3.12 | 21.00 | 126.00 | 147.00 | OK |
Version: 0.3.12
Check: package dependencies
Result: NOTE
Package suggested but not available for checking: ‘MBESS’
Flavor: r-release-macos-x86_64