CRAN Package Check Results for Package ropendata

Last updated on 2023-02-02 06:55:05 CET.

Flavor Version Tinstall Tcheck Ttotal Status Flags
r-devel-linux-x86_64-debian-clang 0.1.0 2.22 24.91 27.13 NOTE
r-devel-linux-x86_64-debian-gcc 0.1.0 1.64 19.93 21.57 NOTE
r-devel-linux-x86_64-fedora-clang 0.1.0 35.13 NOTE
r-devel-linux-x86_64-fedora-gcc 0.1.0 34.85 NOTE
r-patched-linux-x86_64 0.1.0 1.73 24.49 26.22 OK
r-release-linux-x86_64 0.1.0 1.65 24.76 26.41 OK
r-release-macos-arm64 0.1.0 14.00 OK
r-release-macos-x86_64 0.1.0 21.00 OK
r-release-windows-x86_64 0.1.0 10.00 58.00 68.00 OK
r-oldrel-macos-arm64 0.1.0 19.00 OK
r-oldrel-macos-x86_64 0.1.0 26.00 OK
r-oldrel-windows-ix86+x86_64 0.1.0 6.00 55.00 61.00 OK

Check Details

Version: 0.1.0
Check: package subdirectories
Result: NOTE
    Problems with news in ‘NEWS.md’:
    No news entries found.
Flavors: r-devel-linux-x86_64-debian-clang, r-devel-linux-x86_64-debian-gcc, r-devel-linux-x86_64-fedora-clang, r-devel-linux-x86_64-fedora-gcc