CRAN Package Check Results for Package roots

Last updated on 2023-05-30 08:02:29 CEST.

Flavor Version Tinstall Tcheck Ttotal Status Flags
r-devel-linux-x86_64-debian-clang 1.0 7.61 81.65 89.26 NOTE
r-devel-linux-x86_64-debian-gcc 1.0 7.83 63.56 71.39 NOTE
r-devel-linux-x86_64-fedora-clang 1.0 119.35 NOTE
r-devel-linux-x86_64-fedora-gcc 1.0 121.49 NOTE
r-devel-windows-x86_64 1.0 8.00 77.00 85.00 NOTE
r-patched-linux-x86_64 1.0 8.81 79.53 88.34 NOTE
r-release-linux-x86_64 1.0 9.84 79.76 89.60 NOTE
r-release-macos-arm64 1.0 40.00 NOTE
r-release-macos-x86_64 1.0 60.00 NOTE
r-release-windows-x86_64 1.0 12.00 97.00 109.00 NOTE
r-oldrel-macos-arm64 1.0 32.00 NOTE
r-oldrel-macos-x86_64 1.0 47.00 NOTE
r-oldrel-windows-x86_64 1.0 12.00 93.00 105.00 NOTE

Check Details

Version: 1.0
Check: LazyData
Result: NOTE
     'LazyData' is specified without a 'data' directory
Flavors: r-devel-linux-x86_64-debian-clang, r-devel-linux-x86_64-debian-gcc, r-devel-linux-x86_64-fedora-clang, r-devel-linux-x86_64-fedora-gcc, r-devel-windows-x86_64, r-patched-linux-x86_64, r-release-linux-x86_64, r-release-macos-arm64, r-release-macos-x86_64, r-release-windows-x86_64, r-oldrel-macos-arm64, r-oldrel-macos-x86_64, r-oldrel-windows-x86_64