Last updated on 2023-02-03 06:50:31 CET.
Flavor | Version | Tinstall | Tcheck | Ttotal | Status | Flags |
---|---|---|---|---|---|---|
r-devel-linux-x86_64-debian-clang | 1.0.0 | 1.55 | 62.33 | 63.88 | NOTE | |
r-devel-linux-x86_64-debian-gcc | 1.0.0 | 1.80 | 45.82 | 47.62 | NOTE | |
r-devel-linux-x86_64-fedora-clang | 1.0.0 | 77.65 | NOTE | |||
r-devel-linux-x86_64-fedora-gcc | 1.0.0 | 80.62 | NOTE | |||
r-patched-linux-x86_64 | 1.0.0 | 1.94 | 57.62 | 59.56 | NOTE | |
r-release-linux-x86_64 | 1.0.0 | 2.17 | 59.82 | 61.99 | NOTE | |
r-release-macos-arm64 | 1.0.0 | 25.00 | NOTE | |||
r-release-macos-x86_64 | 1.0.0 | 35.00 | NOTE | |||
r-release-windows-x86_64 | 1.0.0 | 10.00 | 94.00 | 104.00 | NOTE | |
r-oldrel-macos-arm64 | 1.0.0 | 29.00 | NOTE | |||
r-oldrel-macos-x86_64 | 1.0.0 | 49.00 | NOTE | |||
r-oldrel-windows-ix86+x86_64 | 1.0.0 | 5.00 | 87.00 | 92.00 | NOTE |
Version: 1.0.0
Check: LazyData
Result: NOTE
'LazyData' is specified without a 'data' directory
Flavors: r-devel-linux-x86_64-debian-clang, r-devel-linux-x86_64-debian-gcc, r-devel-linux-x86_64-fedora-clang, r-devel-linux-x86_64-fedora-gcc, r-patched-linux-x86_64, r-release-linux-x86_64, r-release-macos-arm64, r-release-macos-x86_64, r-release-windows-x86_64, r-oldrel-macos-arm64, r-oldrel-macos-x86_64, r-oldrel-windows-ix86+x86_64