CRAN Package Check Results for Package rolldown

Last updated on 2024-03-03 08:52:44 CET.

Flavor Version Tinstall Tcheck Ttotal Status Flags
r-devel-linux-x86_64-debian-clang 0.1 2.76 34.78 37.54 NOTE
r-devel-linux-x86_64-debian-gcc 0.1 1.59 27.18 28.77 NOTE
r-devel-linux-x86_64-fedora-clang 0.1 47.10 NOTE
r-devel-linux-x86_64-fedora-gcc 0.1 56.24 NOTE
r-devel-windows-x86_64 0.1 4.00 54.00 58.00 NOTE
r-patched-linux-x86_64 0.1 5.98 34.24 40.22 NOTE
r-release-linux-x86_64 0.1 2.92 33.57 36.49 NOTE
r-release-macos-arm64 0.1 30.00 NOTE
r-release-macos-x86_64 0.1 41.00 NOTE
r-release-windows-x86_64 0.1 5.00 53.00 58.00 NOTE
r-oldrel-macos-arm64 0.1 18.00 NOTE
r-oldrel-windows-x86_64 0.1 5.00 56.00 61.00 NOTE

Check Details

Version: 0.1
Check: LazyData
Result: NOTE 'LazyData' is specified without a 'data' directory Flavors: r-devel-linux-x86_64-debian-clang, r-devel-linux-x86_64-debian-gcc, r-devel-linux-x86_64-fedora-clang, r-devel-linux-x86_64-fedora-gcc, r-devel-windows-x86_64, r-patched-linux-x86_64, r-release-linux-x86_64, r-release-macos-arm64, r-release-macos-x86_64, r-release-windows-x86_64, r-oldrel-macos-arm64, r-oldrel-windows-x86_64