CRAN Package Check Results for Package rolldown

Last updated on 2023-01-28 08:00:45 CET.

Flavor Version Tinstall Tcheck Ttotal Status Flags
r-devel-linux-x86_64-debian-clang 0.1 3.05 33.13 36.18 NOTE
r-devel-linux-x86_64-debian-gcc 0.1 2.10 26.03 28.13 NOTE
r-devel-linux-x86_64-fedora-clang 0.1 46.61 NOTE
r-devel-linux-x86_64-fedora-gcc 0.1 59.54 NOTE
r-patched-linux-x86_64 0.1 6.41 33.57 39.98 NOTE
r-release-linux-x86_64 0.1 1.90 31.83 33.73 NOTE
r-release-macos-arm64 0.1 18.00 NOTE
r-release-macos-x86_64 0.1 26.00 NOTE
r-release-windows-x86_64 0.1 23.00 74.00 97.00 NOTE
r-oldrel-macos-arm64 0.1 25.00 NOTE
r-oldrel-macos-x86_64 0.1 33.00 NOTE
r-oldrel-windows-ix86+x86_64 0.1 9.00 60.00 69.00 NOTE

Check Details

Version: 0.1
Check: LazyData
Result: NOTE
     'LazyData' is specified without a 'data' directory
Flavors: r-devel-linux-x86_64-debian-clang, r-devel-linux-x86_64-debian-gcc, r-devel-linux-x86_64-fedora-clang, r-devel-linux-x86_64-fedora-gcc, r-patched-linux-x86_64, r-release-linux-x86_64, r-release-macos-arm64, r-release-macos-x86_64, r-release-windows-x86_64, r-oldrel-macos-arm64, r-oldrel-macos-x86_64, r-oldrel-windows-ix86+x86_64