Last updated on 2023-02-03 06:50:31 CET.
Flavor | Version | Tinstall | Tcheck | Ttotal | Status | Flags |
---|---|---|---|---|---|---|
r-devel-linux-x86_64-debian-clang | 0.1.4 | 46.45 | 63.20 | 109.65 | NOTE | |
r-devel-linux-x86_64-debian-gcc | 0.1.4 | 35.39 | 47.19 | 82.58 | NOTE | |
r-devel-linux-x86_64-fedora-clang | 0.1.4 | 146.49 | NOTE | |||
r-devel-linux-x86_64-fedora-gcc | 0.1.4 | 154.65 | NOTE | |||
r-patched-linux-x86_64 | 0.1.4 | 36.97 | 59.41 | 96.38 | OK | |
r-release-linux-x86_64 | 0.1.4 | 34.68 | 64.82 | 99.50 | OK | |
r-release-macos-arm64 | 0.1.4 | 46.00 | OK | |||
r-release-macos-x86_64 | 0.1.4 | 58.00 | OK | |||
r-release-windows-x86_64 | 0.1.4 | 51.00 | 121.00 | 172.00 | OK | |
r-oldrel-macos-arm64 | 0.1.4 | 47.00 | OK | |||
r-oldrel-macos-x86_64 | 0.1.4 | 52.00 | OK | |||
r-oldrel-windows-ix86+x86_64 | 0.1.4 | 115.00 | 120.00 | 235.00 | OK |
Version: 0.1.4
Check: C++ specification
Result: NOTE
Specified C++11: please update to current default of C++17
Flavors: r-devel-linux-x86_64-debian-clang, r-devel-linux-x86_64-debian-gcc, r-devel-linux-x86_64-fedora-clang, r-devel-linux-x86_64-fedora-gcc