Last updated on 2023-02-04 08:01:26 CET.
Flavor | Version | Tinstall | Tcheck | Ttotal | Status | Flags |
---|---|---|---|---|---|---|
r-devel-linux-x86_64-debian-clang | 1.1.2 | 92.08 | 29.72 | 121.80 | NOTE | |
r-devel-linux-x86_64-debian-gcc | 1.1.2 | 78.73 | 23.23 | 101.96 | NOTE | |
r-devel-linux-x86_64-fedora-clang | 1.1.2 | 188.70 | NOTE | |||
r-devel-linux-x86_64-fedora-gcc | 1.1.2 | 175.90 | NOTE | |||
r-devel-windows-x86_64 | 1.1.2 | 95.00 | 77.00 | 172.00 | NOTE | |
r-patched-linux-x86_64 | 1.1.2 | 83.59 | 29.63 | 113.22 | OK | |
r-release-linux-x86_64 | 1.1.2 | 88.01 | 29.68 | 117.69 | OK | |
r-release-macos-arm64 | 1.1.2 | 45.00 | OK | |||
r-release-macos-x86_64 | 1.1.2 | 57.00 | OK | |||
r-release-windows-x86_64 | 1.1.2 | 79.00 | 88.00 | 167.00 | OK | |
r-oldrel-macos-arm64 | 1.1.2 | 43.00 | OK | |||
r-oldrel-macos-x86_64 | 1.1.2 | 62.00 | OK | |||
r-oldrel-windows-ix86+x86_64 | 1.1.2 | 236.00 | 80.00 | 316.00 | OK |
Version: 1.1.2
Check: C++ specification
Result: NOTE
Specified C++11: please update to current default of C++17
Flavors: r-devel-linux-x86_64-debian-clang, r-devel-linux-x86_64-debian-gcc, r-devel-linux-x86_64-fedora-clang, r-devel-linux-x86_64-fedora-gcc, r-devel-windows-x86_64