CRAN Package Check Results for Package robregcc

Last updated on 2023-06-08 07:59:09 CEST.

Flavor Version Tinstall Tcheck Ttotal Status Flags
r-devel-linux-x86_64-debian-clang 1.1 49.43 41.18 90.61 OK
r-devel-linux-x86_64-debian-gcc 1.1 39.87 32.17 72.04 OK
r-devel-linux-x86_64-fedora-clang 1.1 123.72 OK
r-devel-linux-x86_64-fedora-gcc 1.1 126.48 OK
r-devel-windows-x86_64 1.1 35.00 81.00 116.00 NOTE
r-patched-linux-x86_64 1.1 42.75 39.69 82.44 OK
r-release-linux-x86_64 1.1 42.41 39.93 82.34 OK
r-release-macos-arm64 1.1 38.00 NOTE
r-release-macos-x86_64 1.1 54.00 OK
r-release-windows-x86_64 1.1 45.00 87.00 132.00 NOTE
r-oldrel-macos-arm64 1.1 38.00 NOTE
r-oldrel-macos-x86_64 1.1 47.00 NOTE
r-oldrel-windows-x86_64 1.1 47.00 81.00 128.00 OK

Check Details

Version: 1.1
Check: C++ specification
Result: NOTE
     Specified C++11: please drop specification unless essential
Flavors: r-devel-windows-x86_64, r-release-windows-x86_64

Version: 1.1
Check: installed package size
Result: NOTE
     installed size is 5.1Mb
     sub-directories of 1Mb or more:
     libs 4.7Mb
Flavors: r-release-macos-arm64, r-oldrel-macos-arm64, r-oldrel-macos-x86_64