Last updated on 2023-02-06 06:52:08 CET.
Flavor | Version | Tinstall | Tcheck | Ttotal | Status | Flags |
---|---|---|---|---|---|---|
r-devel-linux-x86_64-debian-clang | 0.7.13 | 3.13 | 43.88 | 47.01 | NOTE | |
r-devel-linux-x86_64-debian-gcc | 0.7.13 | 2.58 | 33.11 | 35.69 | NOTE | |
r-devel-linux-x86_64-fedora-clang | 0.7.13 | 59.02 | NOTE | |||
r-devel-linux-x86_64-fedora-gcc | 0.7.13 | 68.11 | NOTE | |||
r-devel-windows-x86_64 | 0.7.13 | 58.00 | 83.00 | 141.00 | NOTE | |
r-patched-linux-x86_64 | 0.7.13 | 3.64 | 41.83 | 45.47 | NOTE | |
r-release-linux-x86_64 | 0.7.13 | 3.36 | 42.42 | 45.78 | NOTE | |
r-release-macos-arm64 | 0.7.13 | 25.00 | NOTE | |||
r-release-macos-x86_64 | 0.7.13 | 33.00 | NOTE | |||
r-release-windows-x86_64 | 0.7.13 | 31.00 | 93.00 | 124.00 | NOTE | |
r-oldrel-macos-arm64 | 0.7.13 | 33.00 | NOTE | |||
r-oldrel-macos-x86_64 | 0.7.13 | 43.00 | NOTE | |||
r-oldrel-windows-ix86+x86_64 | 0.7.13 | 8.00 | 72.00 | 80.00 | NOTE |
Version: 0.7.13
Check: LazyData
Result: NOTE
'LazyData' is specified without a 'data' directory
Flavors: r-devel-linux-x86_64-debian-clang, r-devel-linux-x86_64-debian-gcc, r-devel-linux-x86_64-fedora-clang, r-devel-linux-x86_64-fedora-gcc, r-devel-windows-x86_64, r-patched-linux-x86_64, r-release-linux-x86_64, r-release-macos-arm64, r-release-macos-x86_64, r-release-windows-x86_64, r-oldrel-macos-arm64, r-oldrel-macos-x86_64, r-oldrel-windows-ix86+x86_64
Version: 0.7.13
Check: dependencies in R code
Result: NOTE
Namespace in Imports field not imported from: ‘future’
All declared Imports should be used.
Flavors: r-devel-linux-x86_64-fedora-clang, r-devel-linux-x86_64-fedora-gcc, r-release-macos-arm64, r-release-macos-x86_64, r-oldrel-macos-arm64, r-oldrel-macos-x86_64