CRAN Package Check Results for Package robCompositions

Last updated on 2023-02-05 07:57:34 CET.

Flavor Version Tinstall Tcheck Ttotal Status Flags
r-devel-linux-x86_64-debian-clang 2.3.1 128.50 313.24 441.74 NOTE
r-devel-linux-x86_64-debian-gcc 2.3.1 92.03 234.63 326.66 NOTE
r-devel-linux-x86_64-fedora-clang 2.3.1 589.92 NOTE
r-devel-linux-x86_64-fedora-gcc 2.3.1 546.50 NOTE
r-devel-windows-x86_64 2.3.1 226.00 187.00 413.00 NOTE --no-examples --no-tests --no-vignettes
r-patched-linux-x86_64 2.3.1 104.18 296.34 400.52 NOTE
r-release-linux-x86_64 2.3.1 103.47 292.87 396.34 NOTE
r-release-macos-arm64 2.3.1 134.00 NOTE
r-release-macos-x86_64 2.3.1 227.00 NOTE
r-release-windows-x86_64 2.3.1 345.00 168.00 513.00 OK --no-examples --no-tests --no-vignettes
r-oldrel-macos-arm64 2.3.1 145.00 NOTE
r-oldrel-macos-x86_64 2.3.1 180.00 NOTE
r-oldrel-windows-ix86+x86_64 2.3.1 264.00 217.00 481.00 NOTE --no-examples --no-tests --no-vignettes

Check Details

Version: 2.3.1
Check: C++ specification
Result: NOTE
     Specified C++11: please update to current default of C++17
Flavors: r-devel-linux-x86_64-debian-clang, r-devel-linux-x86_64-debian-gcc, r-devel-linux-x86_64-fedora-clang, r-devel-linux-x86_64-fedora-gcc

Version: 2.3.1
Check: Rd files
Result: NOTE
    checkRd: (-1) addLR.Rd:57: Escaped LaTeX specials: \&
    checkRd: (-1) addLRinv.Rd:57: Escaped LaTeX specials: \&
    checkRd: (-1) adtestWrapper.Rd:69: Escaped LaTeX specials: \&
    checkRd: (-1) arcticLake.Rd:36: Escaped LaTeX specials: \&
    checkRd: (-1) cenLR.Rd:43: Escaped LaTeX specials: \&
    checkRd: (-1) cenLRinv.Rd:36: Escaped LaTeX specials: \&
    checkRd: (-1) expenditures.Rd:36: Escaped LaTeX specials: \&
    checkRd: (-1) gemas.Rd:68: Escaped LaTeX specials: \&
    checkRd: (-1) machineOperators.Rd:34: Escaped LaTeX specials: \&
    checkRd: (-1) plot.imp.Rd:138: Escaped LaTeX specials: \&
    checkRd: (-1) robCompositions-package.Rd:88: Escaped LaTeX specials: \&
    checkRd: (-1) skyeLavas.Rd:31: Escaped LaTeX specials: \&
    checkRd: (-1) variation.Rd:45: Escaped LaTeX specials: \&
Flavors: r-devel-linux-x86_64-debian-clang, r-devel-linux-x86_64-debian-gcc, r-devel-linux-x86_64-fedora-clang, r-devel-linux-x86_64-fedora-gcc

Version: 2.3.1
Check: Rd cross-references
Result: NOTE
    Unknown package ‘StatDA’ in Rd xrefs
Flavors: r-devel-linux-x86_64-debian-clang, r-devel-linux-x86_64-debian-gcc, r-devel-linux-x86_64-fedora-gcc, r-patched-linux-x86_64, r-release-linux-x86_64

Version: 2.3.1
Check: Rd cross-references
Result: NOTE
    Undeclared package ‘StatDA’ in Rd xrefs
    Unknown package ‘StatDA’ in Rd xrefs
Flavor: r-devel-linux-x86_64-fedora-clang

Version: 2.3.1
Check: data for non-ASCII characters
Result: NOTE
     Note: found 1 marked UTF-8 string
Flavors: r-devel-linux-x86_64-fedora-clang, r-devel-linux-x86_64-fedora-gcc, r-release-macos-arm64, r-release-macos-x86_64, r-oldrel-macos-arm64, r-oldrel-macos-x86_64

Version: 2.3.1
Flags: --no-examples --no-tests --no-vignettes
Check: C++ specification
Result: NOTE
     Specified C++11: please update to current default of C++17
Flavor: r-devel-windows-x86_64

Version: 2.3.1
Flags: --no-examples --no-tests --no-vignettes
Check: Rd files
Result: NOTE
    checkRd: (-1) addLR.Rd:57: Escaped LaTeX specials: \&
    checkRd: (-1) addLRinv.Rd:57: Escaped LaTeX specials: \&
    checkRd: (-1) adtestWrapper.Rd:69: Escaped LaTeX specials: \&
    checkRd: (-1) arcticLake.Rd:36: Escaped LaTeX specials: \&
    checkRd: (-1) cenLR.Rd:43: Escaped LaTeX specials: \&
    checkRd: (-1) cenLRinv.Rd:36: Escaped LaTeX specials: \&
    checkRd: (-1) expenditures.Rd:36: Escaped LaTeX specials: \&
    checkRd: (-1) gemas.Rd:68: Escaped LaTeX specials: \&
    checkRd: (-1) machineOperators.Rd:34: Escaped LaTeX specials: \&
    checkRd: (-1) plot.imp.Rd:138: Escaped LaTeX specials: \&
    checkRd: (-1) robCompositions-package.Rd:88: Escaped LaTeX specials: \&
    checkRd: (-1) skyeLavas.Rd:31: Escaped LaTeX specials: \&
    checkRd: (-1) variation.Rd:45: Escaped LaTeX specials: \&
Flavor: r-devel-windows-x86_64

Version: 2.3.1
Check: installed package size
Result: NOTE
     installed size is 19.3Mb
     sub-directories of 1Mb or more:
     data 1.4Mb
     libs 16.7Mb
Flavors: r-release-macos-arm64, r-release-macos-x86_64, r-oldrel-macos-arm64, r-oldrel-macos-x86_64

Version: 2.3.1
Flags: --no-examples --no-tests --no-vignettes
Check: installed package size
Result: NOTE
     installed size is 5.1Mb
     sub-directories of 1Mb or more:
     data 1.4Mb
     libs 2.6Mb
Flavor: r-oldrel-windows-ix86+x86_64