Last updated on 2023-02-09 07:57:00 CET.
Flavor | Version | Tinstall | Tcheck | Ttotal | Status | Flags |
---|---|---|---|---|---|---|
r-devel-linux-x86_64-debian-clang | 6.4-1 | 43.99 | 335.35 | 379.34 | OK | |
r-devel-linux-x86_64-debian-gcc | 6.4-1 | 38.31 | 240.16 | 278.47 | WARN | |
r-devel-linux-x86_64-fedora-clang | 6.4-1 | 468.70 | OK | |||
r-devel-linux-x86_64-fedora-gcc | 6.4-1 | 462.11 | OK | |||
r-devel-windows-x86_64 | 6.4-1 | 94.00 | 369.00 | 463.00 | WARN | |
r-patched-linux-x86_64 | 6.4-1 | 52.95 | 311.32 | 364.27 | OK | |
r-release-linux-x86_64 | 6.4-1 | 33.74 | 318.65 | 352.39 | OK | |
r-release-macos-arm64 | 6.4-1 | 80.00 | OK | |||
r-release-macos-x86_64 | 6.4-1 | 150.00 | OK | |||
r-release-windows-x86_64 | 6.4-1 | 112.00 | 412.00 | 524.00 | OK | |
r-oldrel-macos-arm64 | 6.4-1 | 81.00 | OK | |||
r-oldrel-macos-x86_64 | 6.4-1 | 149.00 | OK | |||
r-oldrel-windows-ix86+x86_64 | 6.4-1 | 83.00 | 440.00 | 523.00 | OK |
Version: 6.4-1
Check: dependencies in R code
Result: WARN
‘::’ or ‘:::’ import not declared from: ‘colorspace’
Flavors: r-devel-linux-x86_64-debian-gcc, r-devel-windows-x86_64