Last updated on 2023-11-30 08:50:07 CET.
Flavor | Version | Tinstall | Tcheck | Ttotal | Status | Flags |
---|---|---|---|---|---|---|
r-devel-linux-x86_64-debian-clang | 0.2.2 | 22.59 | 26.38 | 48.97 | NOTE | |
r-devel-linux-x86_64-debian-gcc | 0.2.2 | 14.70 | 20.22 | 34.92 | NOTE | |
r-devel-linux-x86_64-fedora-clang | 0.2.2 | 68.28 | NOTE | |||
r-devel-linux-x86_64-fedora-gcc | 0.2.2 | 63.38 | NOTE | |||
r-devel-windows-x86_64 | 0.2.2 | 19.00 | 68.00 | 87.00 | NOTE | |
r-patched-linux-x86_64 | 0.2.2 | 17.75 | 25.62 | 43.37 | NOTE | |
r-release-linux-x86_64 | 0.2.2 | 17.36 | 25.97 | 43.33 | NOTE | |
r-release-macos-arm64 | 0.2.2 | 31.00 | NOTE | |||
r-release-macos-x86_64 | 0.2.2 | 33.00 | NOTE | |||
r-release-windows-x86_64 | 0.2.2 | 21.00 | 86.00 | 107.00 | NOTE | |
r-oldrel-macos-arm64 | 0.2.2 | 23.00 | OK | |||
r-oldrel-macos-x86_64 | 0.2.2 | 31.00 | OK | |||
r-oldrel-windows-x86_64 | 0.2.2 | 23.00 | 71.00 | 94.00 | OK |
Version: 0.2.2
Check: C++ specification
Result: NOTE
Specified C++11: please drop specification unless essential
Flavors: r-devel-linux-x86_64-debian-clang, r-devel-linux-x86_64-debian-gcc, r-devel-linux-x86_64-fedora-clang, r-devel-linux-x86_64-fedora-gcc, r-devel-windows-x86_64, r-patched-linux-x86_64, r-release-linux-x86_64, r-release-macos-arm64, r-release-macos-x86_64, r-release-windows-x86_64