Last updated on 2023-02-09 07:57:00 CET.
Flavor | Version | Tinstall | Tcheck | Ttotal | Status | Flags |
---|---|---|---|---|---|---|
r-devel-linux-x86_64-debian-clang | 0.2.2 | 22.49 | 26.22 | 48.71 | NOTE | |
r-devel-linux-x86_64-debian-gcc | 0.2.2 | 16.68 | 20.83 | 37.51 | NOTE | |
r-devel-linux-x86_64-fedora-clang | 0.2.2 | 68.42 | NOTE | |||
r-devel-linux-x86_64-fedora-gcc | 0.2.2 | 62.18 | NOTE | |||
r-devel-windows-x86_64 | 0.2.2 | 27.00 | 75.00 | 102.00 | NOTE | |
r-patched-linux-x86_64 | 0.2.2 | 15.49 | 26.30 | 41.79 | OK | |
r-release-linux-x86_64 | 0.2.2 | 16.13 | 25.83 | 41.96 | OK | |
r-release-macos-arm64 | 0.2.2 | 26.00 | OK | |||
r-release-macos-x86_64 | 0.2.2 | 31.00 | OK | |||
r-release-windows-x86_64 | 0.2.2 | 25.00 | 80.00 | 105.00 | OK | |
r-oldrel-macos-arm64 | 0.2.2 | 25.00 | OK | |||
r-oldrel-macos-x86_64 | 0.2.2 | 40.00 | OK | |||
r-oldrel-windows-ix86+x86_64 | 0.2.2 | 52.00 | 84.00 | 136.00 | OK |
Version: 0.2.2
Check: C++ specification
Result: NOTE
Specified C++11: please update to current default of C++17
Flavor: r-devel-linux-x86_64-debian-clang
Version: 0.2.2
Check: C++ specification
Result: NOTE
Specified C++11: please drop specification unless essential
Flavors: r-devel-linux-x86_64-debian-gcc, r-devel-linux-x86_64-fedora-clang, r-devel-linux-x86_64-fedora-gcc, r-devel-windows-x86_64