CRAN Package Check Results for Package rminer

Last updated on 2024-07-19 08:55:06 CEST.

Flavor Version Tinstall Tcheck Ttotal Status Flags
r-devel-linux-x86_64-debian-clang 1.4.6 42.48 232.95 275.43 NOTE
r-devel-linux-x86_64-debian-gcc 1.4.6 27.75 169.65 197.40 NOTE
r-devel-linux-x86_64-fedora-clang 1.4.6 352.83 NOTE
r-devel-linux-x86_64-fedora-gcc 1.4.6 329.58 NOTE
r-devel-windows-x86_64 1.4.6 32.00 166.00 198.00 NOTE
r-patched-linux-x86_64 1.4.6 35.32 219.32 254.64 NOTE
r-release-linux-x86_64 1.4.6 29.64 217.34 246.98 NOTE
r-release-macos-arm64 1.4.6 82.00 NOTE
r-release-macos-x86_64 1.4.6 124.00 NOTE
r-release-windows-x86_64 1.4.6 31.00 164.00 195.00 NOTE
r-oldrel-macos-arm64 1.4.6 83.00 OK
r-oldrel-macos-x86_64 1.4.6 146.00 OK
r-oldrel-windows-x86_64 1.4.6 39.00 212.00 251.00 OK

Check Details

Version: 1.4.6
Check: Rd files
Result: NOTE checkRd: (-1) mgraph.Rd:62: Lost braces 62 | \item{TC}{target class (for multi-class classification class) within {1,...,\emph{Nc}}, where \emph{Nc} is the number of classes. If multi-class and TC==-1 then TC is set to | ^ checkRd: (-1) mmetric.Rd:112: Lost braces 112 | \item{TC}{target class index or vector of indexes (for multi-class classification class) within {1,...,\emph{Nc}}, where \emph{Nc} is the number of classes:<cr> | ^ checkRd: (-1) mparheuristic.Rd:27: Lost braces 27 | except for SVM several \code{rbfdot} kernel based models (\code{"ksvm"},\code{"rsvm"},\code{"lssvm"}, which can assume \code{2^}{search-range}; please check the result of this function to confirm if the search is linear or \code{2^}{search-range}). | ^ checkRd: (-1) mparheuristic.Rd:27: Lost braces 27 | except for SVM several \code{rbfdot} kernel based models (\code{"ksvm"},\code{"rsvm"},\code{"lssvm"}, which can assume \code{2^}{search-range}; please check the result of this function to confirm if the search is linear or \code{2^}{search-range}). | ^ Flavors: r-devel-linux-x86_64-debian-clang, r-devel-linux-x86_64-debian-gcc, r-devel-linux-x86_64-fedora-clang, r-devel-linux-x86_64-fedora-gcc, r-devel-windows-x86_64, r-patched-linux-x86_64, r-release-linux-x86_64, r-release-macos-arm64, r-release-macos-x86_64, r-release-windows-x86_64

Version: 1.4.6
Check: Rd cross-references
Result: NOTE Found the following Rd file(s) with Rd \link{} targets missing package anchors: crossvaldata.Rd: crossval fit.Rd: ctree, cv.glmnet, rpart, kknn, ksvm, lssvm, nnet, randomForest, xgboost, bagging, boosting, lda, multinom, naiveBayes, qda, cubist, mars, pcr, plsr, cppls, rvm mining.Rd: ksvm mparheuristic.Rd: rpart.control, ctree_control, ksvm vecplot.Rd: wireframe Please provide package anchors for all Rd \link{} targets not in the package itself and the base packages. Flavor: r-devel-windows-x86_64