Last updated on 2023-02-07 07:54:12 CET.
Flavor | Version | Tinstall | Tcheck | Ttotal | Status | Flags |
---|---|---|---|---|---|---|
r-devel-linux-x86_64-debian-clang | 0.4.1 | 3.06 | 33.38 | 36.44 | NOTE | |
r-devel-linux-x86_64-debian-gcc | 0.4.1 | 2.34 | 26.45 | 28.79 | NOTE | |
r-devel-linux-x86_64-fedora-clang | 0.4.1 | 46.08 | NOTE | |||
r-devel-linux-x86_64-fedora-gcc | 0.4.1 | 56.42 | NOTE | |||
r-devel-windows-x86_64 | 0.4.1 | 18.00 | 69.00 | 87.00 | NOTE | |
r-patched-linux-x86_64 | 0.4.1 | 2.75 | 32.28 | 35.03 | NOTE | |
r-release-linux-x86_64 | 0.4.1 | 3.16 | 33.41 | 36.57 | NOTE | |
r-release-macos-arm64 | 0.4.1 | 19.00 | NOTE | |||
r-release-macos-x86_64 | 0.4.1 | 28.00 | NOTE | |||
r-release-windows-x86_64 | 0.4.1 | 20.00 | 75.00 | 95.00 | NOTE | |
r-oldrel-macos-arm64 | 0.4.1 | 23.00 | NOTE | |||
r-oldrel-macos-x86_64 | 0.4.1 | 30.00 | NOTE | |||
r-oldrel-windows-ix86+x86_64 | 0.4.1 | 8.00 | 64.00 | 72.00 | NOTE |
Version: 0.4.1
Check: LazyData
Result: NOTE
'LazyData' is specified without a 'data' directory
Flavors: r-devel-linux-x86_64-debian-clang, r-devel-linux-x86_64-debian-gcc, r-devel-linux-x86_64-fedora-clang, r-devel-linux-x86_64-fedora-gcc, r-devel-windows-x86_64, r-patched-linux-x86_64, r-release-linux-x86_64, r-release-macos-arm64, r-release-macos-x86_64, r-release-windows-x86_64, r-oldrel-macos-arm64, r-oldrel-macos-x86_64, r-oldrel-windows-ix86+x86_64