CRAN Package Check Results for Package rmdplugr

Last updated on 2024-03-01 07:53:00 CET.

Flavor Version Tinstall Tcheck Ttotal Status Flags
r-devel-linux-x86_64-debian-clang 0.4.1 3.22 35.83 39.05 NOTE
r-devel-linux-x86_64-debian-gcc 0.4.1 2.28 27.69 29.97 NOTE
r-devel-linux-x86_64-fedora-clang 0.4.1 48.24 NOTE
r-devel-linux-x86_64-fedora-gcc 0.4.1 58.54 NOTE
r-devel-windows-x86_64 0.4.1 4.00 60.00 64.00 NOTE
r-patched-linux-x86_64 0.4.1 2.49 34.18 36.67 NOTE
r-release-linux-x86_64 0.4.1 3.16 34.47 37.63 NOTE
r-release-macos-arm64 0.4.1 28.00 NOTE
r-release-macos-x86_64 0.4.1 38.00 NOTE
r-release-windows-x86_64 0.4.1 5.00 61.00 66.00 NOTE
r-oldrel-macos-arm64 0.4.1 19.00 NOTE
r-oldrel-windows-x86_64 0.4.1 5.00 65.00 70.00 NOTE

Check Details

Version: 0.4.1
Check: LazyData
Result: NOTE 'LazyData' is specified without a 'data' directory Flavors: r-devel-linux-x86_64-debian-clang, r-devel-linux-x86_64-debian-gcc, r-devel-linux-x86_64-fedora-clang, r-devel-linux-x86_64-fedora-gcc, r-devel-windows-x86_64, r-patched-linux-x86_64, r-release-linux-x86_64, r-release-macos-arm64, r-release-macos-x86_64, r-release-windows-x86_64, r-oldrel-macos-arm64, r-oldrel-windows-x86_64