CRAN Package Check Results for Package rmdpartials

Last updated on 2023-02-05 07:57:34 CET.

Flavor Version Tinstall Tcheck Ttotal Status Flags
r-devel-linux-x86_64-debian-clang 0.5.8 1.56 30.85 32.41 NOTE
r-devel-linux-x86_64-debian-gcc 0.5.8 1.51 24.33 25.84 NOTE
r-devel-linux-x86_64-fedora-clang 0.5.8 42.29 NOTE
r-devel-linux-x86_64-fedora-gcc 0.5.8 51.55 NOTE
r-devel-windows-x86_64 0.5.8 15.00 63.00 78.00 NOTE
r-patched-linux-x86_64 0.5.8 1.56 30.54 32.10 NOTE
r-release-linux-x86_64 0.5.8 1.80 30.20 32.00 NOTE
r-release-macos-arm64 0.5.8 19.00 NOTE
r-release-macos-x86_64 0.5.8 26.00 NOTE
r-release-windows-x86_64 0.5.8 16.00 68.00 84.00 NOTE
r-oldrel-macos-arm64 0.5.8 26.00 NOTE
r-oldrel-macos-x86_64 0.5.8 30.00 NOTE
r-oldrel-windows-ix86+x86_64 0.5.8 5.00 61.00 66.00 NOTE

Check Details

Version: 0.5.8
Check: package subdirectories
Result: NOTE
    Problems with news in ‘NEWS.md’:
    No news entries found.
Flavors: r-devel-linux-x86_64-debian-clang, r-devel-linux-x86_64-debian-gcc, r-devel-linux-x86_64-fedora-clang, r-devel-linux-x86_64-fedora-gcc, r-devel-windows-x86_64

Version: 0.5.8
Check: LazyData
Result: NOTE
     'LazyData' is specified without a 'data' directory
Flavors: r-devel-linux-x86_64-debian-clang, r-devel-linux-x86_64-debian-gcc, r-devel-linux-x86_64-fedora-clang, r-devel-linux-x86_64-fedora-gcc, r-devel-windows-x86_64, r-patched-linux-x86_64, r-release-linux-x86_64, r-release-macos-arm64, r-release-macos-x86_64, r-release-windows-x86_64, r-oldrel-macos-arm64, r-oldrel-macos-x86_64, r-oldrel-windows-ix86+x86_64