Last updated on 2023-02-06 06:52:07 CET.
Flavor | Version | Tinstall | Tcheck | Ttotal | Status | Flags |
---|---|---|---|---|---|---|
r-devel-linux-x86_64-debian-clang | 1.2 | 6.93 | 44.72 | 51.65 | OK | |
r-devel-linux-x86_64-debian-gcc | 1.2 | 5.72 | 33.82 | 39.54 | OK | |
r-devel-linux-x86_64-fedora-clang | 1.2 | 68.49 | NOTE | |||
r-devel-linux-x86_64-fedora-gcc | 1.2 | 68.86 | OK | |||
r-devel-windows-x86_64 | 1.2 | 733.00 | 66.00 | 799.00 | NOTE | |
r-patched-linux-x86_64 | 1.2 | 6.87 | 43.23 | 50.10 | OK | |
r-release-linux-x86_64 | 1.2 | 6.47 | 43.42 | 49.89 | OK | |
r-release-macos-arm64 | 1.2 | 27.00 | NOTE | |||
r-release-macos-x86_64 | 1.2 | 51.00 | NOTE | |||
r-release-windows-x86_64 | 1.2 | 878.00 | 72.00 | 950.00 | NOTE | |
r-oldrel-macos-arm64 | 1.2 | 30.00 | NOTE | |||
r-oldrel-macos-x86_64 | 1.2 | 53.00 | NOTE | |||
r-oldrel-windows-ix86+x86_64 | 1.2 | 12.00 | 67.00 | 79.00 | NOTE |
Version: 1.2
Check: installed package size
Result: NOTE
installed size is 12.2Mb
sub-directories of 1Mb or more:
java 12.0Mb
Flavors: r-devel-linux-x86_64-fedora-clang, r-devel-windows-x86_64, r-release-macos-arm64, r-release-macos-x86_64, r-release-windows-x86_64, r-oldrel-macos-arm64, r-oldrel-macos-x86_64, r-oldrel-windows-ix86+x86_64