Last updated on 2023-10-03 08:05:01 CEST.
Flavor | Version | Tinstall | Tcheck | Ttotal | Status | Flags |
---|---|---|---|---|---|---|
r-devel-linux-x86_64-debian-clang | 2023.09.08 | 301.46 | 394.12 | 695.58 | OK | |
r-devel-linux-x86_64-debian-gcc | 2023.09.08 | 211.47 | 281.13 | 492.60 | OK | |
r-devel-linux-x86_64-fedora-clang | 2023.09.08 | 980.22 | OK | |||
r-devel-linux-x86_64-fedora-gcc | 2023.09.08 | 923.28 | OK | |||
r-devel-windows-x86_64 | 2023.09.08 | 220.00 | 324.00 | 544.00 | OK | |
r-patched-linux-x86_64 | 2023.09.08 | 291.21 | 367.63 | 658.84 | OK | |
r-release-linux-x86_64 | 2023.09.08 | 260.90 | 366.43 | 627.33 | OK | |
r-release-macos-arm64 | 2023.09.08 | 272.00 | NOTE | |||
r-release-macos-x86_64 | 2023.09.08 | 337.00 | NOTE | |||
r-release-windows-x86_64 | 2023.09.08 | 296.00 | 403.00 | 699.00 | OK | |
r-oldrel-macos-arm64 | 2023.09.08 | 219.00 | NOTE | |||
r-oldrel-macos-x86_64 | 2023.09.08 | 299.00 | NOTE | |||
r-oldrel-windows-x86_64 | 2023.09.08 | 288.00 | 362.00 | 650.00 | OK |
Version: 2023.09.08
Check: installed package size
Result: NOTE
installed size is 10.2Mb
sub-directories of 1Mb or more:
R 1.0Mb
libs 8.7Mb
Flavors: r-release-macos-arm64, r-release-macos-x86_64, r-oldrel-macos-arm64, r-oldrel-macos-x86_64