CRAN Package Check Results for Package riskParityPortfolio

Last updated on 2023-02-01 07:53:14 CET.

Flavor Version Tinstall Tcheck Ttotal Status Flags
r-devel-linux-x86_64-debian-clang 0.2.2 88.46 57.13 145.59 OK
r-devel-linux-x86_64-debian-gcc 0.2.2 74.48 46.23 120.71 OK
r-devel-linux-x86_64-fedora-clang 0.2.2 203.15 OK
r-devel-linux-x86_64-fedora-gcc 0.2.2 221.13 OK
r-devel-windows-x86_64 0.2.2 139.00 110.00 249.00 OK
r-patched-linux-x86_64 0.2.2 67.94 57.95 125.89 OK
r-release-linux-x86_64 0.2.2 70.64 55.46 126.10 OK
r-release-macos-arm64 0.2.2 54.00 NOTE
r-release-macos-x86_64 0.2.2 94.00 NOTE
r-release-windows-x86_64 0.2.2 176.00 118.00 294.00 OK
r-oldrel-macos-arm64 0.2.2 65.00 NOTE
r-oldrel-macos-x86_64 0.2.2 71.00 NOTE
r-oldrel-windows-ix86+x86_64 0.2.2 211.00 120.00 331.00 OK

Check Details

Version: 0.2.2
Check: installed package size
Result: NOTE
     installed size is 23.9Mb
     sub-directories of 1Mb or more:
     doc 1.4Mb
     libs 22.4Mb
Flavors: r-release-macos-arm64, r-release-macos-x86_64, r-oldrel-macos-arm64, r-oldrel-macos-x86_64