CRAN Package Check Results for Package rgl

Last updated on 2024-03-01 07:53:00 CET.

Flavor Version Tinstall Tcheck Ttotal Status Flags
r-devel-linux-x86_64-debian-clang 1.2.8 169.14 279.14 448.28 OK
r-devel-linux-x86_64-debian-gcc 1.2.8 120.63 206.44 327.07 OK
r-devel-linux-x86_64-fedora-clang 1.2.8 596.40 NOTE
r-devel-linux-x86_64-fedora-gcc 1.2.8 441.13 OK
r-devel-windows-x86_64 1.2.8 166.00 252.00 418.00 NOTE
r-patched-linux-x86_64 1.2.8 165.60 276.75 442.35 OK
r-release-linux-x86_64 1.2.8 152.51 272.61 425.12 OK
r-release-macos-arm64 1.2.8 153.00 NOTE
r-release-macos-x86_64 1.2.8 248.00 NOTE
r-release-windows-x86_64 1.2.8 218.00 317.00 535.00 NOTE
r-oldrel-macos-arm64 1.2.8 153.00 NOTE
r-oldrel-windows-x86_64 1.2.8 168.00 296.00 464.00 NOTE

Check Details

Version: 1.2.8
Check: installed package size
Result: NOTE installed size is 7.8Mb sub-directories of 1Mb or more: doc 2.6Mb fonts 1.5Mb Flavors: r-devel-linux-x86_64-fedora-clang, r-devel-windows-x86_64, r-release-macos-arm64, r-release-macos-x86_64, r-release-windows-x86_64, r-oldrel-macos-arm64, r-oldrel-windows-x86_64