Last updated on 2023-05-30 08:02:29 CEST.
Flavor | Version | Tinstall | Tcheck | Ttotal | Status | Flags |
---|---|---|---|---|---|---|
r-devel-linux-x86_64-debian-clang | 5.9-0.3 | 22.22 | 48.90 | 71.12 | OK | |
r-devel-linux-x86_64-debian-gcc | 5.9-0.3 | 12.02 | 46.35 | 58.37 | OK | |
r-devel-linux-x86_64-fedora-clang | 5.9-0.3 | 91.85 | NOTE | |||
r-devel-linux-x86_64-fedora-gcc | 5.9-0.3 | 109.32 | OK | |||
r-devel-windows-x86_64 | 5.9-0.3 | 20.00 | 105.00 | 125.00 | OK | |
r-patched-linux-x86_64 | 5.9-0.3 | 14.30 | 58.72 | 73.02 | OK | |
r-release-linux-x86_64 | 5.9-0.3 | 13.03 | 61.01 | 74.04 | OK | |
r-release-macos-arm64 | 5.9-0.3 | 39.00 | OK | |||
r-release-macos-x86_64 | 5.9-0.3 | 64.00 | OK | |||
r-release-windows-x86_64 | 5.9-0.3 | 23.00 | 106.00 | 129.00 | OK | |
r-oldrel-macos-arm64 | 5.9-0.3 | 35.00 | OK | |||
r-oldrel-macos-x86_64 | 5.9-0.3 | 45.00 | OK | |||
r-oldrel-windows-x86_64 | 5.9-0.3 | 19.00 | 93.00 | 112.00 | OK |
Version: 5.9-0.3
Check: Rd cross-references
Result: NOTE
Undeclared package ‘Matching’ in Rd xrefs
Flavor: r-devel-linux-x86_64-fedora-clang