CRAN Package Check Results for Package rgdal

Last updated on 2022-12-06 07:54:24 CET.

Flavor Version Tinstall Tcheck Ttotal Status Flags
r-devel-linux-x86_64-debian-clang 1.6-2 38.26 122.78 161.04 OK
r-devel-linux-x86_64-debian-gcc 1.6-2 26.00 97.46 123.46 WARN
r-devel-linux-x86_64-fedora-clang 1.6-2 226.25 WARN
r-devel-linux-x86_64-fedora-gcc 1.6-2 212.90 WARN
r-devel-windows-x86_64 1.6-2 163.00 714.00 877.00 NOTE
r-patched-linux-x86_64 1.6-2 33.70 120.61 154.31 OK
r-release-linux-x86_64 1.6-2 29.18 115.60 144.78 OK
r-release-macos-arm64 1.6-2 71.00 NOTE
r-release-macos-x86_64 1.6-2 128.00 NOTE
r-release-windows-x86_64 1.6-2 168.00 711.00 879.00 NOTE
r-oldrel-macos-arm64 1.6-2 120.00 NOTE
r-oldrel-macos-x86_64 1.6-2 150.00 NOTE
r-oldrel-windows-ix86+x86_64 1.6-2 187.00 586.00 773.00 NOTE

Check Details

Version: 1.6-2
Check: compiled code
Result: WARN
    File ‘rgdal/libs/rgdal.so’:
     Found ‘__sprintf_chk’, possibly from ‘sprintf’ (C)
     Object: ‘local_stubs.o’
    
    Compiled code should not call entry points which might terminate R nor
    write to stdout/stderr instead of to the console, nor use Fortran I/O
    nor system RNGs nor [v]sprintf.
    
    See ‘Writing portable packages’ in the ‘Writing R Extensions’ manual.
Flavors: r-devel-linux-x86_64-debian-gcc, r-devel-linux-x86_64-fedora-gcc

Version: 1.6-2
Check: installed package size
Result: NOTE
     installed size is 7.9Mb
     sub-directories of 1Mb or more:
     doc 3.7Mb
     pictures 1.3Mb
Flavors: r-devel-linux-x86_64-fedora-clang, r-devel-windows-x86_64, r-release-macos-arm64, r-release-macos-x86_64, r-release-windows-x86_64, r-oldrel-macos-arm64, r-oldrel-macos-x86_64, r-oldrel-windows-ix86+x86_64

Version: 1.6-2
Check: compiled code
Result: WARN
    File ‘rgdal/libs/rgdal.so’:
     Found ‘sprintf’, possibly from ‘sprintf’ (C)
     Object: ‘local_stubs.o’
    
    Compiled code should not call entry points which might terminate R nor
    write to stdout/stderr instead of to the console, nor use Fortran I/O
    nor system RNGs nor [v]sprintf.
    
    See ‘Writing portable packages’ in the ‘Writing R Extensions’ manual.
Flavor: r-devel-linux-x86_64-fedora-clang