Last updated on 2023-02-09 07:57:00 CET.
Flavor | Version | Tinstall | Tcheck | Ttotal | Status | Flags |
---|---|---|---|---|---|---|
r-devel-linux-x86_64-debian-clang | 2.1-5 | 5.91 | 49.92 | 55.83 | NOTE | |
r-devel-linux-x86_64-debian-gcc | 2.1-5 | 4.29 | 37.96 | 42.25 | NOTE | |
r-devel-linux-x86_64-fedora-clang | 2.1-5 | 69.32 | NOTE | |||
r-devel-linux-x86_64-fedora-gcc | 2.1-5 | 66.08 | NOTE | |||
r-devel-windows-x86_64 | 2.1-5 | 35.00 | 85.00 | 120.00 | NOTE | |
r-patched-linux-x86_64 | 2.1-5 | 5.65 | 47.62 | 53.27 | NOTE | |
r-release-linux-x86_64 | 2.1-5 | 5.70 | 46.26 | 51.96 | NOTE | |
r-release-macos-arm64 | 2.1-5 | 23.00 | NOTE | |||
r-release-macos-x86_64 | 2.1-5 | 33.00 | NOTE | |||
r-release-windows-x86_64 | 2.1-5 | 51.00 | 82.00 | 133.00 | NOTE | |
r-oldrel-macos-arm64 | 2.1-5 | 25.00 | NOTE | |||
r-oldrel-macos-x86_64 | 2.1-5 | 49.00 | NOTE | |||
r-oldrel-windows-ix86+x86_64 | 2.1-5 | 10.00 | 71.00 | 81.00 | NOTE |
Version: 2.1-5
Check: LazyData
Result: NOTE
'LazyData' is specified without a 'data' directory
Flavors: r-devel-linux-x86_64-debian-clang, r-devel-linux-x86_64-debian-gcc, r-devel-linux-x86_64-fedora-clang, r-devel-linux-x86_64-fedora-gcc, r-devel-windows-x86_64, r-patched-linux-x86_64, r-release-linux-x86_64, r-release-macos-arm64, r-release-macos-x86_64, r-release-windows-x86_64, r-oldrel-macos-arm64, r-oldrel-macos-x86_64, r-oldrel-windows-ix86+x86_64