Last updated on 2023-01-29 08:57:11 CET.
Flavor | Version | Tinstall | Tcheck | Ttotal | Status | Flags |
---|---|---|---|---|---|---|
r-devel-linux-x86_64-debian-clang | 1.0.4 | 1.67 | 22.83 | 24.50 | OK | |
r-devel-linux-x86_64-debian-gcc | 1.0.4 | 1.52 | 18.20 | 19.72 | OK | |
r-devel-linux-x86_64-fedora-clang | 1.0.4 | 31.76 | NOTE | |||
r-devel-linux-x86_64-fedora-gcc | 1.0.4 | 32.77 | OK | |||
r-devel-windows-x86_64 | 1.0.4 | 11.00 | 53.00 | 64.00 | OK | |
r-patched-linux-x86_64 | 1.0.4 | 2.27 | 22.67 | 24.94 | OK | |
r-release-linux-x86_64 | 1.0.4 | 2.04 | 23.06 | 25.10 | OK | |
r-release-macos-arm64 | 1.0.4 | 14.00 | OK | |||
r-release-macos-x86_64 | 1.0.4 | 22.00 | OK | |||
r-release-windows-x86_64 | 1.0.4 | 11.00 | 49.00 | 60.00 | OK | |
r-oldrel-macos-arm64 | 1.0.4 | 14.00 | OK | |||
r-oldrel-macos-x86_64 | 1.0.4 | 20.00 | OK | |||
r-oldrel-windows-ix86+x86_64 | 1.0.4 | 5.00 | 48.00 | 53.00 | OK |
Version: 1.0.4
Check: Rd cross-references
Result: NOTE
Undeclared package ‘robustbase’ in Rd xrefs
Flavor: r-devel-linux-x86_64-fedora-clang