CRAN Package Check Results for Package revgeo

Last updated on 2024-04-20 06:58:53 CEST.

Flavor Version Tinstall Tcheck Ttotal Status Flags
r-devel-linux-x86_64-debian-clang 0.15 3.19 30.23 33.42 NOTE
r-devel-linux-x86_64-debian-gcc 0.15 2.51 23.13 25.64 NOTE
r-devel-linux-x86_64-fedora-clang 0.15 41.25 NOTE
r-devel-linux-x86_64-fedora-gcc 0.15 39.03 NOTE
r-prerel-macos-arm64 0.15 17.00 NOTE
r-prerel-windows-x86_64 0.15 3.00 43.00 46.00 NOTE
r-patched-linux-x86_64 0.15 2.64 29.34 31.98 NOTE
r-release-linux-x86_64 0.15 3.13 28.92 32.05 NOTE
r-release-macos-arm64 0.15 22.00 NOTE
r-release-macos-x86_64 0.15 22.00 NOTE
r-release-windows-x86_64 0.15 4.00 44.00 48.00 NOTE
r-oldrel-macos-arm64 0.15 16.00 NOTE
r-oldrel-windows-x86_64 0.15 5.00 51.00 56.00 NOTE

Check Details

Version: 0.15
Check: LazyData
Result: NOTE 'LazyData' is specified without a 'data' directory Flavors: r-devel-linux-x86_64-debian-clang, r-devel-linux-x86_64-debian-gcc, r-devel-linux-x86_64-fedora-clang, r-devel-linux-x86_64-fedora-gcc, r-prerel-macos-arm64, r-prerel-windows-x86_64, r-patched-linux-x86_64, r-release-linux-x86_64, r-release-macos-arm64, r-release-macos-x86_64, r-release-windows-x86_64, r-oldrel-macos-arm64, r-oldrel-windows-x86_64