Last updated on 2023-03-25 07:02:30 CET.
Flavor | Version | Tinstall | Tcheck | Ttotal | Status | Flags |
---|---|---|---|---|---|---|
r-devel-linux-x86_64-debian-clang | 0.15 | 3.21 | 29.58 | 32.79 | NOTE | |
r-devel-linux-x86_64-debian-gcc | 0.15 | 2.42 | 23.08 | 25.50 | NOTE | |
r-devel-linux-x86_64-fedora-clang | 0.15 | 41.84 | NOTE | |||
r-devel-linux-x86_64-fedora-gcc | 0.15 | 38.65 | NOTE | |||
r-patched-linux-x86_64 | 0.15 | 2.90 | 29.88 | 32.78 | NOTE | |
r-release-linux-x86_64 | 0.15 | 3.20 | 30.18 | 33.38 | NOTE | |
r-release-macos-arm64 | 0.15 | 16.00 | NOTE | |||
r-release-macos-x86_64 | 0.15 | 24.00 | NOTE | |||
r-release-windows-x86_64 | 0.15 | 9.00 | 59.00 | 68.00 | NOTE | |
r-oldrel-macos-arm64 | 0.15 | 18.00 | NOTE | |||
r-oldrel-macos-x86_64 | 0.15 | 34.00 | NOTE | |||
r-oldrel-windows-ix86+x86_64 | 0.15 | 7.00 | 62.00 | 69.00 | NOTE |
Version: 0.15
Check: LazyData
Result: NOTE
'LazyData' is specified without a 'data' directory
Flavors: r-devel-linux-x86_64-debian-clang, r-devel-linux-x86_64-debian-gcc, r-devel-linux-x86_64-fedora-clang, r-devel-linux-x86_64-fedora-gcc, r-patched-linux-x86_64, r-release-linux-x86_64, r-release-macos-arm64, r-release-macos-x86_64, r-release-windows-x86_64, r-oldrel-macos-arm64, r-oldrel-macos-x86_64, r-oldrel-windows-ix86+x86_64