Last updated on 2023-01-31 07:54:23 CET.
Flavor | Version | Tinstall | Tcheck | Ttotal | Status | Flags |
---|---|---|---|---|---|---|
r-devel-linux-x86_64-debian-clang | 1.0.4 | 9.42 | 81.89 | 91.31 | NOTE | |
r-devel-linux-x86_64-debian-gcc | 1.0.4 | 6.82 | 56.66 | 63.48 | NOTE | |
r-devel-linux-x86_64-fedora-clang | 1.0.4 | 113.04 | NOTE | |||
r-devel-linux-x86_64-fedora-gcc | 1.0.4 | 128.76 | NOTE | |||
r-devel-windows-x86_64 | 1.0.4 | 18.00 | 133.00 | 151.00 | NOTE | |
r-patched-linux-x86_64 | 1.0.4 | 10.13 | 77.61 | 87.74 | OK | |
r-release-linux-x86_64 | 1.0.4 | 9.29 | 79.30 | 88.59 | OK | |
r-release-macos-arm64 | 1.0.4 | 30.00 | OK | |||
r-release-macos-x86_64 | 1.0.4 | 64.00 | OK | |||
r-release-windows-x86_64 | 1.0.4 | 26.00 | 136.00 | 162.00 | OK | |
r-oldrel-macos-arm64 | 1.0.4 | 42.00 | OK | |||
r-oldrel-macos-x86_64 | 1.0.4 | 60.00 | OK | |||
r-oldrel-windows-ix86+x86_64 | 1.0.4 | 20.00 | 112.00 | 132.00 | OK |
Version: 1.0.4
Check: Rd files
Result: NOTE
checkRd: (-1) rec.Rd:23: Escaped LaTeX specials: \$
Flavors: r-devel-linux-x86_64-debian-clang, r-devel-linux-x86_64-debian-gcc, r-devel-linux-x86_64-fedora-clang, r-devel-linux-x86_64-fedora-gcc, r-devel-windows-x86_64