CRAN Package Check Results for Package reshape2

Last updated on 2022-11-29 06:50:57 CET.

Flavor Version Tinstall Tcheck Ttotal Status Flags
r-devel-linux-x86_64-debian-clang 1.4.4 18.71 36.89 55.60 NOTE
r-devel-linux-x86_64-debian-gcc 1.4.4 14.30 29.04 43.34 NOTE
r-devel-linux-x86_64-fedora-clang 1.4.4 89.38 NOTE
r-devel-linux-x86_64-fedora-gcc 1.4.4 82.04 NOTE
r-devel-windows-x86_64 1.4.4 43.00 85.00 128.00 NOTE
r-patched-linux-x86_64 1.4.4 15.50 35.56 51.06 OK
r-release-linux-x86_64 1.4.4 16.75 35.89 52.64 OK
r-release-macos-arm64 1.4.4 22.00 OK
r-release-macos-x86_64 1.4.4 34.00 OK
r-release-windows-x86_64 1.4.4 45.00 85.00 130.00 OK
r-oldrel-macos-arm64 1.4.4 26.00 OK
r-oldrel-macos-x86_64 1.4.4 38.00 OK
r-oldrel-windows-ix86+x86_64 1.4.4 54.00 87.00 141.00 OK

Check Details

Version: 1.4.4
Check: Rd files
Result: NOTE
    checkRd: (-1) cast.Rd:45: Escaped LaTeX specials: \_
    checkRd: (-1) cast.Rd:46: Escaped LaTeX specials: \_
Flavors: r-devel-linux-x86_64-debian-clang, r-devel-linux-x86_64-debian-gcc, r-devel-linux-x86_64-fedora-clang, r-devel-linux-x86_64-fedora-gcc, r-devel-windows-x86_64