Last updated on 2023-02-05 07:57:33 CET.
Flavor | Version | Tinstall | Tcheck | Ttotal | Status | Flags |
---|---|---|---|---|---|---|
r-devel-linux-x86_64-debian-clang | 1.1.0 | 4.58 | 44.41 | 48.99 | OK | |
r-devel-linux-x86_64-debian-gcc | 1.1.0 | 3.77 | 33.60 | 37.37 | OK | |
r-devel-linux-x86_64-fedora-clang | 1.1.0 | 62.28 | NOTE | |||
r-devel-linux-x86_64-fedora-gcc | 1.1.0 | 62.78 | NOTE | |||
r-devel-windows-x86_64 | 1.1.0 | 26.00 | 85.00 | 111.00 | OK | |
r-patched-linux-x86_64 | 1.1.0 | 3.55 | 44.92 | 48.47 | OK | |
r-release-linux-x86_64 | 1.1.0 | 4.71 | 44.34 | 49.05 | OK | |
r-release-macos-arm64 | 1.1.0 | 28.00 | OK | |||
r-release-macos-x86_64 | 1.1.0 | 33.00 | NOTE | |||
r-release-windows-x86_64 | 1.1.0 | 20.00 | 88.00 | 108.00 | OK | |
r-oldrel-macos-arm64 | 1.1.0 | 26.00 | OK | |||
r-oldrel-macos-x86_64 | 1.1.0 | 37.00 | NOTE | |||
r-oldrel-windows-ix86+x86_64 | 1.1.0 | 11.00 | 79.00 | 90.00 | OK |
Version: 1.1.0
Check: Rd cross-references
Result: NOTE
Undeclared package ‘wesanderson’ in Rd xrefs
Flavor: r-devel-linux-x86_64-fedora-clang
Version: 1.1.0
Check: data for non-ASCII characters
Result: NOTE
Note: found 25 marked UTF-8 strings
Flavors: r-devel-linux-x86_64-fedora-clang, r-devel-linux-x86_64-fedora-gcc, r-release-macos-x86_64, r-oldrel-macos-x86_64