Last updated on 2023-01-29 08:57:11 CET.
Flavor | Version | Tinstall | Tcheck | Ttotal | Status | Flags |
---|---|---|---|---|---|---|
r-devel-linux-x86_64-debian-clang | 1.1.5 | 6.05 | 50.83 | 56.88 | OK | |
r-devel-linux-x86_64-debian-gcc | 1.1.6 | 4.71 | 38.51 | 43.22 | OK | |
r-devel-linux-x86_64-fedora-clang | 1.1.6 | 76.67 | NOTE | |||
r-devel-linux-x86_64-fedora-gcc | 1.1.6 | 169.19 | OK | |||
r-devel-windows-x86_64 | 1.1.6 | 26.00 | 88.00 | 114.00 | OK | |
r-patched-linux-x86_64 | 1.1.6 | 4.53 | 48.70 | 53.23 | OK | |
r-release-linux-x86_64 | 1.1.5 | 4.76 | 48.33 | 53.09 | OK | |
r-release-macos-arm64 | 1.1.6 | 79.00 | OK | |||
r-release-macos-x86_64 | 1.1.6 | 135.00 | OK | |||
r-release-windows-x86_64 | 1.1.6 | 35.00 | 96.00 | 131.00 | OK | |
r-oldrel-macos-arm64 | 1.1.6 | 71.00 | OK | |||
r-oldrel-macos-x86_64 | 1.1.6 | 136.00 | OK | |||
r-oldrel-windows-ix86+x86_64 | 1.1.6 | 12.00 | 90.00 | 102.00 | OK |
Version: 1.1.6
Check: Rd cross-references
Result: NOTE
Undeclared package ‘ggplot2’ in Rd xrefs
Flavor: r-devel-linux-x86_64-fedora-clang