Last updated on 2023-02-06 06:52:07 CET.
Flavor | Version | Tinstall | Tcheck | Ttotal | Status | Flags |
---|---|---|---|---|---|---|
r-devel-linux-x86_64-debian-clang | 2.1.5 | 3.62 | 39.87 | 43.49 | NOTE | |
r-devel-linux-x86_64-debian-gcc | 2.1.5 | 3.41 | 30.19 | 33.60 | NOTE | |
r-devel-linux-x86_64-fedora-clang | 2.1.5 | 55.01 | NOTE | |||
r-devel-linux-x86_64-fedora-gcc | 2.1.5 | 72.10 | NOTE | |||
r-devel-windows-x86_64 | 2.1.5 | 23.00 | 78.00 | 101.00 | NOTE | |
r-patched-linux-x86_64 | 2.1.5 | 4.74 | 39.58 | 44.32 | OK | |
r-release-linux-x86_64 | 2.1.5 | 3.53 | 41.28 | 44.81 | OK | |
r-release-macos-arm64 | 2.1.5 | 23.00 | OK | |||
r-release-macos-x86_64 | 2.1.5 | 32.00 | OK | |||
r-release-windows-x86_64 | 2.1.5 | 27.00 | 91.00 | 118.00 | OK | |
r-oldrel-macos-arm64 | 2.1.5 | 26.00 | OK | |||
r-oldrel-macos-x86_64 | 2.1.5 | 44.00 | OK | |||
r-oldrel-windows-ix86+x86_64 | 2.1.5 | 8.00 | 65.00 | 73.00 | OK |
Version: 2.1.5
Check: package subdirectories
Result: NOTE
Problems with news in ‘NEWS.md’:
No news entries found.
Flavors: r-devel-linux-x86_64-debian-clang, r-devel-linux-x86_64-debian-gcc, r-devel-linux-x86_64-fedora-clang, r-devel-linux-x86_64-fedora-gcc, r-devel-windows-x86_64