CRAN Package Check Results for Package repec

Last updated on 2023-02-09 07:56:59 CET.

Flavor Version Tinstall Tcheck Ttotal Status Flags
r-devel-linux-x86_64-debian-clang 0.1.0 2.22 22.73 24.95 NOTE
r-devel-linux-x86_64-debian-gcc 0.1.0 1.72 17.53 19.25 NOTE
r-devel-linux-x86_64-fedora-clang 0.1.0 31.02 NOTE
r-devel-linux-x86_64-fedora-gcc 0.1.0 30.13 NOTE
r-devel-windows-x86_64 0.1.0 16.00 55.00 71.00 NOTE
r-patched-linux-x86_64 0.1.0 1.98 22.49 24.47 NOTE
r-release-linux-x86_64 0.1.0 2.04 22.41 24.45 NOTE
r-release-macos-arm64 0.1.0 13.00 NOTE
r-release-macos-x86_64 0.1.0 19.00 NOTE
r-release-windows-x86_64 0.1.0 14.00 61.00 75.00 NOTE
r-oldrel-macos-arm64 0.1.0 17.00 NOTE
r-oldrel-macos-x86_64 0.1.0 25.00 NOTE
r-oldrel-windows-ix86+x86_64 0.1.0 6.00 46.00 52.00 NOTE

Check Details

Version: 0.1.0
Check: LazyData
Result: NOTE
     'LazyData' is specified without a 'data' directory
Flavors: r-devel-linux-x86_64-debian-clang, r-devel-linux-x86_64-debian-gcc, r-devel-linux-x86_64-fedora-clang, r-devel-linux-x86_64-fedora-gcc, r-devel-windows-x86_64, r-patched-linux-x86_64, r-release-linux-x86_64, r-release-macos-arm64, r-release-macos-x86_64, r-release-windows-x86_64, r-oldrel-macos-arm64, r-oldrel-macos-x86_64, r-oldrel-windows-ix86+x86_64