Last updated on 2023-03-28 07:53:12 CEST.
Flavor | Version | Tinstall | Tcheck | Ttotal | Status | Flags |
---|---|---|---|---|---|---|
r-devel-linux-x86_64-debian-clang | 0.1.1 | 3.95 | 56.81 | 60.76 | NOTE | |
r-devel-linux-x86_64-debian-gcc | 0.1.1 | 3.37 | 43.65 | 47.02 | NOTE | |
r-devel-linux-x86_64-fedora-clang | 0.1.1 | 75.08 | NOTE | |||
r-devel-linux-x86_64-fedora-gcc | 0.1.1 | 83.57 | NOTE | |||
r-patched-linux-x86_64 | 0.1.1 | 4.60 | 54.27 | 58.87 | NOTE | |
r-release-linux-x86_64 | 0.1.1 | 3.72 | 58.46 | 62.18 | OK | |
r-release-macos-arm64 | 0.1.1 | 26.00 | OK | |||
r-release-macos-x86_64 | 0.1.1 | 39.00 | OK | |||
r-release-windows-x86_64 | 0.1.1 | 20.00 | 103.00 | 123.00 | OK | |
r-oldrel-macos-arm64 | 0.1.1 | 148.00 | OK | |||
r-oldrel-macos-x86_64 | 0.1.1 | 44.00 | OK | |||
r-oldrel-windows-ix86+x86_64 | 0.1.1 | 10.00 | 93.00 | 103.00 | OK |
Version: 0.1.1
Check: package subdirectories
Result: NOTE
Problems with news in ‘NEWS.md’:
No news entries found.
Flavors: r-devel-linux-x86_64-debian-clang, r-devel-linux-x86_64-debian-gcc, r-devel-linux-x86_64-fedora-clang, r-devel-linux-x86_64-fedora-gcc, r-patched-linux-x86_64