Last updated on 2023-02-01 07:53:14 CET.
Flavor | Version | Tinstall | Tcheck | Ttotal | Status | Flags |
---|---|---|---|---|---|---|
r-devel-linux-x86_64-debian-clang | 0.16.0 | 20.89 | 248.83 | 269.72 | OK | |
r-devel-linux-x86_64-debian-gcc | 0.16.0 | 14.78 | 190.32 | 205.10 | OK | |
r-devel-linux-x86_64-fedora-clang | 0.16.0 | 339.02 | OK | |||
r-devel-linux-x86_64-fedora-gcc | 0.16.0 | 376.31 | OK | |||
r-devel-windows-x86_64 | 0.16.0 | 231.00 | 172.00 | 403.00 | OK | |
r-patched-linux-x86_64 | 0.16.0 | 18.42 | 243.63 | 262.05 | OK | |
r-release-linux-x86_64 | 0.16.0 | 17.42 | 237.49 | 254.91 | OK | |
r-release-macos-arm64 | 0.16.0 | 61.00 | OK | |||
r-release-macos-x86_64 | 0.16.0 | 93.00 | OK | |||
r-release-windows-x86_64 | 0.16.0 | 239.00 | 170.00 | 409.00 | OK | |
r-oldrel-macos-arm64 | 0.16.0 | 64.00 | OK | |||
r-oldrel-macos-x86_64 | 0.16.0 | 106.00 | OK | |||
r-oldrel-windows-ix86+x86_64 | 0.16.0 | 33.00 | 152.00 | 185.00 | WARN |
Version: 0.16.0
Check: for unstated dependencies in ‘tests’
Result: WARN
Warning: unable to access index for repository https://bioconductor.org/packages/3.14/bioc/src/contrib:
cannot open URL 'https://bioconductor.org/packages/3.14/bioc/src/contrib/PACKAGES'
Warning: unable to access index for repository https://bioconductor.org/packages/3.14/data/annotation/src/contrib:
cannot open URL 'https://bioconductor.org/packages/3.14/data/annotation/src/contrib/PACKAGES'
Warning: unable to access index for repository https://bioconductor.org/packages/3.14/data/experiment/src/contrib:
cannot open URL 'https://bioconductor.org/packages/3.14/data/experiment/src/contrib/PACKAGES'
Flavor: r-oldrel-windows-ix86+x86_64