CRAN Package Check Results for Package rentrez

Last updated on 2024-06-15 08:49:47 CEST.

Flavor Version Tinstall Tcheck Ttotal Status Flags
r-devel-linux-x86_64-debian-clang 1.2.3 3.04 44.39 47.43 NOTE
r-devel-linux-x86_64-debian-gcc 1.2.3 3.15 34.88 38.03 NOTE
r-devel-linux-x86_64-fedora-clang 1.2.3 64.66 NOTE
r-devel-linux-x86_64-fedora-gcc 1.2.3 72.91 NOTE
r-devel-windows-x86_64 1.2.3 4.00 57.00 61.00 NOTE --no-vignettes
r-patched-linux-x86_64 1.2.3 7.97 43.53 51.50 NOTE
r-release-linux-x86_64 1.2.3 3.84 43.17 47.01 NOTE
r-release-macos-arm64 1.2.3 26.00 NOTE
r-release-macos-x86_64 1.2.3 42.00 NOTE
r-release-windows-x86_64 1.2.3 5.00 66.00 71.00 NOTE --no-vignettes
r-oldrel-macos-arm64 1.2.3 27.00 OK
r-oldrel-macos-x86_64 1.2.3 41.00 OK
r-oldrel-windows-x86_64 1.2.3 5.00 67.00 72.00 OK --no-vignettes

Check Details

Version: 1.2.3
Check: Rd files
Result: NOTE checkRd: (-1) rentrez.Rd:17-21: Lost braces 17 | /enumerated{ | ^ Flavors: r-devel-linux-x86_64-debian-clang, r-devel-linux-x86_64-debian-gcc, r-devel-linux-x86_64-fedora-clang, r-devel-linux-x86_64-fedora-gcc, r-patched-linux-x86_64, r-release-linux-x86_64, r-release-macos-arm64, r-release-macos-x86_64

Version: 1.2.3
Flags: --no-vignettes
Check: Rd files
Result: NOTE checkRd: (-1) rentrez.Rd:17-21: Lost braces 17 | /enumerated{ | ^ Flavors: r-devel-windows-x86_64, r-release-windows-x86_64