CRAN Package Check Results for Package remstimate

Last updated on 2024-05-17 07:55:57 CEST.

Flavor Version Tinstall Tcheck Ttotal Status Flags
r-devel-linux-x86_64-debian-clang 2.3.8 65.25 158.77 224.02 OK
r-devel-linux-x86_64-debian-gcc 2.3.9 47.60 110.84 158.44 OK
r-devel-linux-x86_64-fedora-clang 2.3.11 309.59 OK
r-devel-linux-x86_64-fedora-gcc 2.3.11 301.77 OK
r-devel-windows-x86_64 2.3.11 43.00 177.00 220.00 NOTE
r-patched-linux-x86_64 2.3.9 58.75 141.84 200.59 OK
r-release-linux-x86_64 2.3.8 57.75 145.17 202.92 OK
r-release-macos-arm64 2.3.11 82.00 NOTE
r-release-macos-x86_64 2.3.11 221.00 NOTE
r-release-windows-x86_64 2.3.9 44.00 193.00 237.00 NOTE
r-oldrel-macos-arm64 2.3.11 83.00 NOTE
r-oldrel-macos-x86_64 2.3.11 187.00 NOTE
r-oldrel-windows-x86_64 2.3.11 38.00 191.00 229.00 NOTE

Additional issues

Intel Intel

Check Details

Version: 2.3.11
Check: installed package size
Result: NOTE installed size is 5.6Mb sub-directories of 1Mb or more: doc 3.9Mb libs 1.4Mb Flavors: r-devel-windows-x86_64, r-release-macos-arm64, r-release-macos-x86_64, r-oldrel-macos-arm64, r-oldrel-macos-x86_64, r-oldrel-windows-x86_64

Version: 2.3.9
Check: installed package size
Result: NOTE installed size is 5.6Mb sub-directories of 1Mb or more: doc 3.9Mb libs 1.4Mb Flavor: r-release-windows-x86_64