Last updated on 2023-02-02 06:55:04 CET.
Flavor | Version | Tinstall | Tcheck | Ttotal | Status | Flags |
---|---|---|---|---|---|---|
r-devel-linux-x86_64-debian-clang | 2.1.2 | 4.46 | 39.74 | 44.20 | NOTE | |
r-devel-linux-x86_64-debian-gcc | 2.1.2 | 3.24 | 29.88 | 33.12 | NOTE | |
r-devel-linux-x86_64-fedora-clang | 2.1.2 | 55.00 | NOTE | |||
r-devel-linux-x86_64-fedora-gcc | 2.1.2 | 53.00 | NOTE | |||
r-patched-linux-x86_64 | 2.1.2 | 4.28 | 38.02 | 42.30 | NOTE | |
r-release-linux-x86_64 | 2.1.2 | 4.04 | 39.01 | 43.05 | NOTE | |
r-release-macos-arm64 | 2.1.2 | 19.00 | NOTE | |||
r-release-macos-x86_64 | 2.1.2 | 32.00 | NOTE | |||
r-release-windows-x86_64 | 2.1.2 | 16.00 | 83.00 | 99.00 | NOTE | |
r-oldrel-macos-arm64 | 2.1.2 | 25.00 | NOTE | |||
r-oldrel-macos-x86_64 | 2.1.2 | 35.00 | NOTE | |||
r-oldrel-windows-ix86+x86_64 | 2.1.2 | 10.00 | 65.00 | 75.00 | NOTE |
Version: 2.1.2
Check: LazyData
Result: NOTE
'LazyData' is specified without a 'data' directory
Flavors: r-devel-linux-x86_64-debian-clang, r-devel-linux-x86_64-debian-gcc, r-devel-linux-x86_64-fedora-clang, r-devel-linux-x86_64-fedora-gcc, r-patched-linux-x86_64, r-release-linux-x86_64, r-release-macos-arm64, r-release-macos-x86_64, r-release-windows-x86_64, r-oldrel-macos-arm64, r-oldrel-macos-x86_64, r-oldrel-windows-ix86+x86_64
Version: 2.1.2
Check: Rd cross-references
Result: NOTE
Undeclared package ‘magrittr’ in Rd xrefs
Flavor: r-devel-linux-x86_64-fedora-clang