CRAN Package Check Results for Package relgam

Last updated on 2024-05-24 07:59:59 CEST.

Flavor Version Tinstall Tcheck Ttotal Status Flags
r-devel-linux-x86_64-debian-clang 1.0 2.75 64.38 67.13 NOTE
r-devel-linux-x86_64-debian-gcc 1.0 2.62 46.40 49.02 NOTE
r-devel-linux-x86_64-fedora-clang 1.0 82.37 NOTE
r-devel-linux-x86_64-fedora-gcc 1.0 89.87 NOTE
r-devel-windows-x86_64 1.0 4.00 66.00 70.00 NOTE
r-patched-linux-x86_64 1.0 3.72 57.58 61.30 NOTE
r-release-linux-x86_64 1.0 3.52 58.72 62.24 NOTE
r-release-macos-arm64 1.0 34.00 NOTE
r-release-windows-x86_64 1.0 4.00 67.00 71.00 NOTE
r-oldrel-macos-arm64 1.0 41.00 NOTE
r-oldrel-macos-x86_64 1.0 60.00 NOTE
r-oldrel-windows-x86_64 1.0 5.00 78.00 83.00 NOTE

Check Details

Version: 1.0
Check: LazyData
Result: NOTE 'LazyData' is specified without a 'data' directory Flavors: r-devel-linux-x86_64-debian-clang, r-devel-linux-x86_64-debian-gcc, r-devel-linux-x86_64-fedora-clang, r-devel-linux-x86_64-fedora-gcc, r-devel-windows-x86_64, r-patched-linux-x86_64, r-release-linux-x86_64, r-release-macos-arm64, r-release-windows-x86_64, r-oldrel-macos-arm64, r-oldrel-macos-x86_64, r-oldrel-windows-x86_64