CRAN Package Check Results for Package regrap

Last updated on 2023-01-26 07:54:00 CET.

Flavor Version Tinstall Tcheck Ttotal Status Flags
r-devel-linux-x86_64-debian-clang 1.0.1 1.87 24.47 26.34 NOTE
r-devel-linux-x86_64-debian-gcc 1.0.1 1.59 19.22 20.81 NOTE
r-devel-linux-x86_64-fedora-clang 1.0.1 33.82 NOTE
r-devel-linux-x86_64-fedora-gcc 1.0.1 33.60 NOTE
r-patched-linux-x86_64 1.0.1 2.60 24.83 27.43 NOTE
r-release-linux-x86_64 1.0.1 2.06 25.12 27.18 NOTE
r-release-macos-arm64 1.0.1 14.00 NOTE
r-release-macos-x86_64 1.0.1 21.00 NOTE
r-release-windows-x86_64 1.0.1 6.00 51.00 57.00 NOTE
r-oldrel-macos-arm64 1.0.1 20.00 NOTE
r-oldrel-macos-x86_64 1.0.1 28.00 NOTE
r-oldrel-windows-ix86+x86_64 1.0.1 4.00 43.00 47.00 NOTE

Check Details

Version: 1.0.1
Check: LazyData
Result: NOTE
     'LazyData' is specified without a 'data' directory
Flavors: r-devel-linux-x86_64-debian-clang, r-devel-linux-x86_64-debian-gcc, r-devel-linux-x86_64-fedora-clang, r-devel-linux-x86_64-fedora-gcc, r-patched-linux-x86_64, r-release-linux-x86_64, r-release-macos-arm64, r-release-macos-x86_64, r-release-windows-x86_64, r-oldrel-macos-arm64, r-oldrel-macos-x86_64, r-oldrel-windows-ix86+x86_64