Last updated on 2023-02-07 07:54:12 CET.
Flavor | Version | Tinstall | Tcheck | Ttotal | Status | Flags |
---|---|---|---|---|---|---|
r-devel-linux-x86_64-debian-clang | 1.0.0 | 181.14 | 61.82 | 242.96 | NOTE | |
r-devel-linux-x86_64-debian-gcc | 1.0.0 | 127.61 | 46.05 | 173.66 | NOTE | |
r-devel-linux-x86_64-fedora-clang | 1.0.0 | 351.25 | NOTE | |||
r-devel-linux-x86_64-fedora-gcc | 1.0.0 | 298.23 | NOTE | |||
r-devel-windows-x86_64 | 1.0.0 | 296.00 | 117.00 | 413.00 | NOTE | |
r-patched-linux-x86_64 | 1.0.0 | 133.58 | 60.33 | 193.91 | OK | |
r-release-linux-x86_64 | 1.0.0 | 136.18 | 58.29 | 194.47 | OK | |
r-release-macos-arm64 | 1.0.0 | 70.00 | NOTE | |||
r-release-macos-x86_64 | 1.0.0 | 93.00 | NOTE | |||
r-release-windows-x86_64 | 1.0.0 | 132.00 | 124.00 | 256.00 | OK | |
r-oldrel-macos-arm64 | 1.0.0 | 70.00 | NOTE | |||
r-oldrel-macos-x86_64 | 1.0.0 | 92.00 | NOTE | |||
r-oldrel-windows-ix86+x86_64 | 1.0.0 | 422.00 | 136.00 | 558.00 | NOTE |
Version: 1.0.0
Check: C++ specification
Result: NOTE
Specified C++11: please update to current default of C++17
Flavors: r-devel-linux-x86_64-debian-clang, r-devel-linux-x86_64-debian-gcc, r-devel-linux-x86_64-fedora-clang, r-devel-linux-x86_64-fedora-gcc, r-devel-windows-x86_64
Version: 1.0.0
Check: installed package size
Result: NOTE
installed size is 7.6Mb
sub-directories of 1Mb or more:
data 2.4Mb
libs 5.1Mb
Flavors: r-release-macos-arm64, r-release-macos-x86_64, r-oldrel-macos-arm64, r-oldrel-macos-x86_64, r-oldrel-windows-ix86+x86_64