Last updated on 2023-11-28 07:53:14 CET.
Flavor | Version | Tinstall | Tcheck | Ttotal | Status | Flags |
---|---|---|---|---|---|---|
r-devel-linux-x86_64-debian-clang | 1.0.0 | 180.31 | 59.63 | 239.94 | NOTE | |
r-devel-linux-x86_64-debian-gcc | 1.0.0 | 115.71 | 44.54 | 160.25 | NOTE | |
r-devel-linux-x86_64-fedora-clang | 1.0.0 | 367.28 | NOTE | |||
r-devel-linux-x86_64-fedora-gcc | 1.0.0 | 341.71 | NOTE | |||
r-devel-windows-x86_64 | 1.0.0 | 132.00 | 95.00 | 227.00 | NOTE | |
r-patched-linux-x86_64 | 1.0.0 | 145.71 | 57.37 | 203.08 | NOTE | |
r-release-linux-x86_64 | 1.0.0 | 140.59 | 58.86 | 199.45 | NOTE | |
r-release-macos-arm64 | 1.0.0 | 99.00 | NOTE | |||
r-release-macos-x86_64 | 1.0.0 | 162.00 | NOTE | |||
r-release-windows-x86_64 | 1.0.0 | 171.00 | 107.00 | 278.00 | NOTE | |
r-oldrel-macos-arm64 | 1.0.0 | 70.00 | NOTE | |||
r-oldrel-macos-x86_64 | 1.0.0 | 93.00 | NOTE | |||
r-oldrel-windows-x86_64 | 1.0.0 | 161.00 | 99.00 | 260.00 | OK |
Version: 1.0.0
Check: C++ specification
Result: NOTE
Specified C++11: please drop specification unless essential
Flavors: r-devel-linux-x86_64-debian-clang, r-devel-linux-x86_64-debian-gcc, r-devel-linux-x86_64-fedora-clang, r-devel-linux-x86_64-fedora-gcc, r-devel-windows-x86_64, r-patched-linux-x86_64, r-release-linux-x86_64, r-release-macos-arm64, r-release-macos-x86_64, r-release-windows-x86_64
Version: 1.0.0
Check: installed package size
Result: NOTE
installed size is 7.5Mb
sub-directories of 1Mb or more:
data 2.4Mb
libs 5.0Mb
Flavors: r-release-macos-arm64, r-release-macos-x86_64, r-oldrel-macos-arm64, r-oldrel-macos-x86_64