Last updated on 2023-02-07 07:54:12 CET.
Flavor | Version | Tinstall | Tcheck | Ttotal | Status | Flags |
---|---|---|---|---|---|---|
r-devel-linux-x86_64-debian-clang | 2.1.0 | 60.32 | 90.53 | 150.85 | NOTE | |
r-devel-linux-x86_64-debian-gcc | 2.1.0 | 45.79 | 71.63 | 117.42 | NOTE | |
r-devel-linux-x86_64-fedora-clang | 2.1.0 | 205.29 | NOTE | |||
r-devel-linux-x86_64-fedora-gcc | 2.1.0 | 202.02 | NOTE | |||
r-devel-windows-x86_64 | 2.1.0 | 66.00 | 159.00 | 225.00 | NOTE | |
r-patched-linux-x86_64 | 2.1.0 | 47.38 | 87.42 | 134.80 | OK | |
r-release-linux-x86_64 | 2.1.0 | 52.92 | 88.09 | 141.01 | OK | |
r-release-macos-arm64 | 2.1.0 | 61.00 | OK | |||
r-release-macos-x86_64 | 2.1.0 | 73.00 | OK | |||
r-release-windows-x86_64 | 2.1.0 | 72.00 | 158.00 | 230.00 | OK | |
r-oldrel-macos-arm64 | 2.1.0 | 47.00 | OK | |||
r-oldrel-macos-x86_64 | 2.1.0 | 75.00 | OK | |||
r-oldrel-windows-ix86+x86_64 | 2.1.0 | 138.00 | 179.00 | 317.00 | OK |
Version: 2.1.0
Check: C++ specification
Result: NOTE
Specified C++11: please update to current default of C++17
Flavors: r-devel-linux-x86_64-debian-clang, r-devel-linux-x86_64-debian-gcc, r-devel-linux-x86_64-fedora-clang, r-devel-linux-x86_64-fedora-gcc, r-devel-windows-x86_64