CRAN Package Check Results for Package regexSelect

Last updated on 2023-01-27 07:50:42 CET.

Flavor Version Tinstall Tcheck Ttotal Status Flags
r-devel-linux-x86_64-debian-clang 1.0.0 3.82 34.95 38.77 NOTE
r-devel-linux-x86_64-debian-gcc 1.0.0 3.13 27.79 30.92 NOTE
r-devel-linux-x86_64-fedora-clang 1.0.0 49.37 NOTE
r-devel-linux-x86_64-fedora-gcc 1.0.0 49.33 NOTE
r-patched-linux-x86_64 1.0.0 2.61 36.06 38.67 NOTE
r-release-linux-x86_64 1.0.0 3.24 36.09 39.33 NOTE
r-release-macos-arm64 1.0.0 19.00 NOTE
r-release-macos-x86_64 1.0.0 32.00 NOTE
r-release-windows-x86_64 1.0.0 14.00 72.00 86.00 NOTE
r-oldrel-macos-arm64 1.0.0 20.00 NOTE
r-oldrel-macos-x86_64 1.0.0 26.00 NOTE
r-oldrel-windows-ix86+x86_64 1.0.0 11.00 69.00 80.00 NOTE

Check Details

Version: 1.0.0
Check: LazyData
Result: NOTE
     'LazyData' is specified without a 'data' directory
Flavors: r-devel-linux-x86_64-debian-clang, r-devel-linux-x86_64-debian-gcc, r-devel-linux-x86_64-fedora-clang, r-devel-linux-x86_64-fedora-gcc, r-patched-linux-x86_64, r-release-linux-x86_64, r-release-macos-arm64, r-release-macos-x86_64, r-release-windows-x86_64, r-oldrel-macos-arm64, r-oldrel-macos-x86_64, r-oldrel-windows-ix86+x86_64