Last updated on 2023-02-02 06:55:04 CET.
Flavor | Version | Tinstall | Tcheck | Ttotal | Status | Flags |
---|---|---|---|---|---|---|
r-devel-linux-x86_64-debian-clang | 0.3.3 | 4.56 | 44.98 | 49.54 | NOTE | |
r-devel-linux-x86_64-debian-gcc | 0.3.3 | 3.35 | 33.80 | 37.15 | NOTE | |
r-devel-linux-x86_64-fedora-clang | 0.3.3 | 66.41 | NOTE | |||
r-devel-linux-x86_64-fedora-gcc | 0.3.3 | 77.88 | NOTE | |||
r-devel-windows-x86_64 | 0.3.3 | 12.00 | 34.00 | 46.00 | FAIL | |
r-patched-linux-x86_64 | 0.3.3 | 4.85 | 42.91 | 47.76 | NOTE | |
r-release-linux-x86_64 | 0.3.3 | 5.57 | 49.38 | 54.95 | NOTE | |
r-release-macos-arm64 | 0.3.3 | 24.00 | NOTE | |||
r-release-macos-x86_64 | 0.3.3 | 43.00 | NOTE | |||
r-release-windows-x86_64 | 0.3.3 | 9.00 | 88.00 | 97.00 | NOTE | |
r-oldrel-macos-arm64 | 0.3.3 | 30.00 | NOTE | |||
r-oldrel-macos-x86_64 | 0.3.3 | 42.00 | NOTE | |||
r-oldrel-windows-ix86+x86_64 | 0.3.3 | 12.00 | 69.00 | 81.00 | NOTE |
Version: 0.3.3
Check: LazyData
Result: NOTE
'LazyData' is specified without a 'data' directory
Flavors: r-devel-linux-x86_64-debian-clang, r-devel-linux-x86_64-debian-gcc, r-devel-linux-x86_64-fedora-clang, r-devel-linux-x86_64-fedora-gcc, r-patched-linux-x86_64, r-release-linux-x86_64, r-release-macos-arm64, r-release-macos-x86_64, r-release-windows-x86_64, r-oldrel-macos-arm64, r-oldrel-macos-x86_64, r-oldrel-windows-ix86+x86_64
Version: 0.3.3
Check: for code/documentation mismatches
Result: FAIL
Flavor: r-devel-windows-x86_64