Last updated on 2023-02-06 06:52:07 CET.
Flavor | Version | Tinstall | Tcheck | Ttotal | Status | Flags |
---|---|---|---|---|---|---|
r-devel-linux-x86_64-debian-clang | 1.0.3 | 33.17 | 371.25 | 404.42 | NOTE | |
r-devel-linux-x86_64-debian-gcc | 1.0.3 | 20.40 | 274.68 | 295.08 | NOTE | |
r-devel-linux-x86_64-fedora-clang | 1.0.3 | 640.62 | NOTE | |||
r-devel-linux-x86_64-fedora-gcc | 1.0.3 | 606.60 | NOTE | |||
r-devel-windows-x86_64 | 1.0.3 | 35.00 | 406.00 | 441.00 | NOTE | |
r-patched-linux-x86_64 | 1.0.3 | 24.15 | 450.42 | 474.57 | NOTE | |
r-release-linux-x86_64 | 1.0.3 | 28.87 | 360.89 | 389.76 | NOTE | |
r-release-macos-arm64 | 1.0.3 | 186.00 | NOTE | |||
r-release-macos-x86_64 | 1.0.3 | 249.00 | NOTE | |||
r-release-windows-x86_64 | 1.0.3 | 46.00 | 546.00 | 592.00 | NOTE | |
r-oldrel-macos-arm64 | 1.0.3 | 115.00 | NOTE | |||
r-oldrel-macos-x86_64 | 1.0.3 | 237.00 | NOTE | |||
r-oldrel-windows-ix86+x86_64 | 1.0.3 | 62.00 | 606.00 | 668.00 | NOTE |
Version: 1.0.3
Check: LazyData
Result: NOTE
'LazyData' is specified without a 'data' directory
Flavors: r-devel-linux-x86_64-debian-clang, r-devel-linux-x86_64-debian-gcc, r-devel-linux-x86_64-fedora-clang, r-devel-linux-x86_64-fedora-gcc, r-devel-windows-x86_64, r-patched-linux-x86_64, r-release-linux-x86_64, r-release-macos-arm64, r-release-macos-x86_64, r-release-windows-x86_64, r-oldrel-macos-arm64, r-oldrel-macos-x86_64, r-oldrel-windows-ix86+x86_64