Last updated on 2023-02-05 07:57:33 CET.
Flavor | Version | Tinstall | Tcheck | Ttotal | Status | Flags |
---|---|---|---|---|---|---|
r-devel-linux-x86_64-debian-clang | 1.0.17-16 | 14.30 | 82.26 | 96.56 | WARN | |
r-devel-linux-x86_64-debian-gcc | 1.0.17-16 | 13.09 | 63.30 | 76.39 | WARN | |
r-devel-linux-x86_64-fedora-clang | 1.0.17-16 | 123.84 | WARN | |||
r-devel-linux-x86_64-fedora-gcc | 1.0.17-16 | 134.11 | WARN | |||
r-devel-windows-x86_64 | 1.0.17-16 | 169.00 | 189.00 | 358.00 | OK | |
r-patched-linux-x86_64 | 1.0.17-16 | 17.37 | 76.37 | 93.74 | OK | |
r-release-linux-x86_64 | 1.0.17-16 | 13.93 | 75.69 | 89.62 | OK | |
r-release-macos-arm64 | 1.0.17-16 | 38.00 | OK | |||
r-release-macos-x86_64 | 1.0.17-16 | 50.00 | OK | |||
r-release-windows-x86_64 | 1.0.17-16 | 160.00 | 185.00 | 345.00 | OK | |
r-oldrel-macos-arm64 | 1.0.17-16 | 36.00 | NOTE | |||
r-oldrel-macos-x86_64 | 1.0.17-16 | 50.00 | OK | |||
r-oldrel-windows-ix86+x86_64 | 1.0.17-16 | 38.00 | 150.00 | 188.00 | NOTE |
Version: 1.0.17-16
Check: whether package can be installed
Result: WARN
Found the following significant warnings:
redland.c:771:37: warning: a function declaration without a prototype is deprecated in all versions of C [-Wstrict-prototypes]
redland.c:817:31: warning: a function declaration without a prototype is deprecated in all versions of C [-Wstrict-prototypes]
redland.c:1846:25: warning: a function declaration without a prototype is deprecated in all versions of C [-Wstrict-prototypes]
See ‘/home/hornik/tmp/R.check/r-devel-clang/Work/PKGS/redland.Rcheck/00install.out’ for details.
* used C compiler: ‘Debian clang version 15.0.6’
Flavor: r-devel-linux-x86_64-debian-clang
Version: 1.0.17-16
Check: whether package can be installed
Result: WARN
Found the following significant warnings:
redland.c:771:1: warning: function declaration isn’t a prototype [-Wstrict-prototypes]
redland.c:817:1: warning: function declaration isn’t a prototype [-Wstrict-prototypes]
redland.c:1846:1: warning: function declaration isn’t a prototype [-Wstrict-prototypes]
See ‘/home/hornik/tmp/R.check/r-devel-gcc/Work/PKGS/redland.Rcheck/00install.out’ for details.
* used C compiler: ‘gcc-12 (Debian 12.2.0-14) 12.2.0’
Flavor: r-devel-linux-x86_64-debian-gcc
Version: 1.0.17-16
Check: whether package can be installed
Result: WARN
Found the following significant warnings:
redland.c:771:37: warning: a function declaration without a prototype is deprecated in all versions of C [-Wstrict-prototypes]
redland.c:817:31: warning: a function declaration without a prototype is deprecated in all versions of C [-Wstrict-prototypes]
redland.c:1846:25: warning: a function declaration without a prototype is deprecated in all versions of C [-Wstrict-prototypes]
See ‘/data/gannet/ripley/R/packages/tests-clang/redland.Rcheck/00install.out’ for details.
* used C compiler: ‘clang version 15.0.7’
Flavor: r-devel-linux-x86_64-fedora-clang
Version: 1.0.17-16
Check: whether package can be installed
Result: WARN
Found the following significant warnings:
redland.c:771:1: warning: function declaration isn’t a prototype [-Wstrict-prototypes]
redland.c:817:1: warning: function declaration isn’t a prototype [-Wstrict-prototypes]
redland.c:1846:1: warning: function declaration isn’t a prototype [-Wstrict-prototypes]
See ‘/data/gannet/ripley/R/packages/tests-devel/redland.Rcheck/00install.out’ for details.
* used C compiler: ‘gcc (GCC) 12.2.1 20221121 (Red Hat 12.2.1-4)’
Flavor: r-devel-linux-x86_64-fedora-gcc
Version: 1.0.17-16
Check: installed package size
Result: NOTE
installed size is 7.7Mb
sub-directories of 1Mb or more:
libs 6.7Mb
Flavors: r-oldrel-macos-arm64, r-oldrel-windows-ix86+x86_64