Last updated on 2023-12-09 08:49:54 CET.
Flavor | Version | Tinstall | Tcheck | Ttotal | Status | Flags |
---|---|---|---|---|---|---|
r-devel-linux-x86_64-debian-clang | 1.0.17-17 | 13.78 | 83.50 | 97.28 | NOTE | |
r-devel-linux-x86_64-debian-gcc | 1.0.17-17 | 12.56 | 65.18 | 77.74 | NOTE | |
r-devel-linux-x86_64-fedora-clang | 1.0.17-17 | 125.81 | OK | |||
r-devel-linux-x86_64-fedora-gcc | 1.0.17-17 | 134.74 | OK | |||
r-devel-windows-x86_64 | 1.0.17-17 | 28.00 | 146.00 | 174.00 | OK | |
r-patched-linux-x86_64 | 1.0.17-17 | 17.91 | 83.66 | 101.57 | OK | |
r-release-linux-x86_64 | 1.0.17-17 | 13.40 | 80.35 | 93.75 | OK | |
r-release-macos-arm64 | 1.0.17-17 | 50.00 | OK | |||
r-release-macos-x86_64 | 1.0.17-17 | 131.00 | OK | |||
r-release-windows-x86_64 | 1.0.17-17 | 37.00 | 178.00 | 215.00 | OK | |
r-oldrel-macos-arm64 | 1.0.17-17 | 49.00 | OK | |||
r-oldrel-macos-x86_64 | 1.0.17-17 | 56.00 | OK | |||
r-oldrel-windows-x86_64 | 1.0.17-17 | 25.00 | 148.00 | 173.00 | OK |
Version: 1.0.17-17
Check: Rd files
Result: NOTE
checkRd: (-1) Model-class.Rd:26: Lost braces in \itemize; meant \describe ?
checkRd: (-1) Model-class.Rd:27: Lost braces in \itemize; meant \describe ?
checkRd: (-1) Model-class.Rd:28: Lost braces in \itemize; meant \describe ?
checkRd: (-1) Model-class.Rd:40: Lost braces
40 | \code{\link{redland}}{: redland package}
| ^
checkRd: (-1) Node-class.Rd:21: Lost braces in \itemize; meant \describe ?
checkRd: (-1) Node-class.Rd:22: Lost braces in \itemize; meant \describe ?
checkRd: (-1) Node-class.Rd:23: Lost braces in \itemize; meant \describe ?
checkRd: (-1) Node-class.Rd:24: Lost braces in \itemize; meant \describe ?
checkRd: (-1) Node-class.Rd:44: Lost braces
44 | \code{\link{redland}}{: redland package}
| ^
checkRd: (-1) Parser-class.Rd:21: Lost braces in \itemize; meant \describe ?
checkRd: (-1) Parser-class.Rd:22: Lost braces in \itemize; meant \describe ?
checkRd: (-1) Parser-class.Rd:23: Lost braces in \itemize; meant \describe ?
checkRd: (-1) Parser-class.Rd:37: Lost braces
37 | \code{\link{redland}}{: redland package}
| ^
checkRd: (-1) Query-class.Rd:28: Lost braces in \itemize; meant \describe ?
checkRd: (-1) Query-class.Rd:29: Lost braces in \itemize; meant \describe ?
checkRd: (-1) Query-class.Rd:30: Lost braces in \itemize; meant \describe ?
checkRd: (-1) Query-class.Rd:31: Lost braces in \itemize; meant \describe ?
checkRd: (-1) Query-class.Rd:32: Lost braces in \itemize; meant \describe ?
checkRd: (-1) Query-class.Rd:33: Lost braces in \itemize; meant \describe ?
checkRd: (-1) Query-class.Rd:34: Lost braces in \itemize; meant \describe ?
checkRd: (-1) Query-class.Rd:68: Lost braces
68 | \code{\link{redland}}{: redland package}
| ^
checkRd: (-1) QueryResults-class.Rd:21: Lost braces in \itemize; meant \describe ?
checkRd: (-1) QueryResults-class.Rd:22: Lost braces in \itemize; meant \describe ?
checkRd: (-1) QueryResults-class.Rd:27: Lost braces
27 | \code{\link{redland}}{: redland package}
| ^
checkRd: (-1) Serializer-class.Rd:21: Lost braces in \itemize; meant \describe ?
checkRd: (-1) Serializer-class.Rd:22: Lost braces in \itemize; meant \describe ?
checkRd: (-1) Serializer-class.Rd:23: Lost braces in \itemize; meant \describe ?
checkRd: (-1) Serializer-class.Rd:24: Lost braces in \itemize; meant \describe ?
checkRd: (-1) Serializer-class.Rd:25: Lost braces in \itemize; meant \describe ?
checkRd: (-1) Serializer-class.Rd:43: Lost braces
43 | \code{\link{redland}}{: redland package}
| ^
checkRd: (-1) Statement-class.Rd:29: Lost braces in \itemize; meant \describe ?
checkRd: (-1) Statement-class.Rd:30: Lost braces in \itemize; meant \describe ?
checkRd: (-1) Statement-class.Rd:31: Lost braces in \itemize; meant \describe ?
checkRd: (-1) Statement-class.Rd:57: Lost braces
57 | \code{\link{redland}}{: redland package}
| ^
checkRd: (-1) Storage-class.Rd:22: Lost braces in \itemize; meant \describe ?
checkRd: (-1) Storage-class.Rd:23: Lost braces in \itemize; meant \describe ?
checkRd: (-1) Storage-class.Rd:32: Lost braces
32 | \code{\link{redland}}{: redland package}
| ^
checkRd: (-1) World-class.Rd:22: Lost braces in \itemize; meant \describe ?
checkRd: (-1) World-class.Rd:23: Lost braces in \itemize; meant \describe ?
checkRd: (-1) World-class.Rd:31: Lost braces
31 | \code{\link{redland}}{: redland package}
| ^
Flavors: r-devel-linux-x86_64-debian-clang, r-devel-linux-x86_64-debian-gcc