CRAN Package Check Results for Package redcapAPI

Last updated on 2023-01-26 07:54:00 CET.

Flavor Version Tinstall Tcheck Ttotal Status Flags
r-devel-linux-x86_64-debian-clang 2.3 3.78 39.22 43.00 OK
r-devel-linux-x86_64-debian-gcc 2.3 4.19 29.86 34.05 OK
r-devel-linux-x86_64-fedora-clang 2.3 55.18 NOTE
r-devel-linux-x86_64-fedora-gcc 2.3 54.14 NOTE
r-patched-linux-x86_64 2.3 6.89 36.44 43.33 OK
r-release-linux-x86_64 2.3 3.36 36.36 39.72 OK
r-release-macos-arm64 2.3 22.00 NOTE
r-release-macos-x86_64 2.3 36.00 NOTE
r-release-windows-x86_64 2.3 40.00 76.00 116.00 OK
r-oldrel-macos-arm64 2.3 20.00 NOTE
r-oldrel-macos-x86_64 2.3 27.00 NOTE
r-oldrel-windows-ix86+x86_64 2.3 11.00 61.00 72.00 OK

Check Details

Version: 2.3
Check: dependencies in R code
Result: NOTE
    Namespaces in Imports field not imported from:
     ‘DBI’ ‘readr’
     All declared Imports should be used.
Flavors: r-devel-linux-x86_64-fedora-clang, r-devel-linux-x86_64-fedora-gcc, r-release-macos-arm64, r-release-macos-x86_64, r-oldrel-macos-arm64, r-oldrel-macos-x86_64